136.158.16.228 - - [09/Dec/2022:08:38:37 -0800] "GET /ssl/images/jobfair15.jpg HTTP/1.1" 200 55073 "https://www.rbcauayan.com/ssl/Deposit-savings.html" "Mozilla/5.0 (Windows NT 10.0; Win64; x64) AppleWebKit/537.36 (KHTML, like Gecko) Chrome/108.0.0.0 Safari/537.36" "www.rbcauayan.com"
136.158.16.228 - - [09/Dec/2022:08:38:37 -0800] "GET /ssl/images/saving_design.jpg HTTP/1.1" 200 573825 "https://www.rbcauayan.com/ssl/Deposit-savings.html" "Mozilla/5.0 (Windows NT 10.0; Win64; x64) AppleWebKit/537.36 (KHTML, like Gecko) Chrome/108.0.0.0 Safari/537.36" "www.rbcauayan.com"
136.158.16.228 - - [09/Dec/2022:08:38:37 -0800] "GET /ssl/images/gallery-2.png HTTP/1.1" 200 54026 "https://www.rbcauayan.com/ssl/Deposit-savings.html" "Mozilla/5.0 (Windows NT 10.0; Win64; x64) AppleWebKit/537.36 (KHTML, like Gecko) Chrome/108.0.0.0 Safari/537.36" "www.rbcauayan.com"
136.158.16.228 - - [09/Dec/2022:08:38:37 -0800] "GET /ssl/2018%20RB%20CAUAYAN%20MAGKUMPARE.ogg HTTP/1.1" 404 73 "https://www.rbcauayan.com/ssl/Deposit-savings.html" "Mozilla/5.0 (Windows NT 10.0; Win64; x64) AppleWebKit/537.36 (KHTML, like Gecko) Chrome/108.0.0.0 Safari/537.36" "www.rbcauayan.com"
136.158.16.228 - - [09/Dec/2022:08:38:38 -0800] "GET /ssl/images/gallery-1.png HTTP/1.1" 200 23661 "https://www.rbcauayan.com/ssl/Deposit-savings.html" "Mozilla/5.0 (Windows NT 10.0; Win64; x64) AppleWebKit/537.36 (KHTML, like Gecko) Chrome/108.0.0.0 Safari/537.36" "www.rbcauayan.com"
136.158.16.228 - - [09/Dec/2022:08:38:53 -0800] "GET /ssl/images/gallery-3.png HTTP/1.1" 200 57997 "https://www.rbcauayan.com/ssl/Deposit-savings.html" "Mozilla/5.0 (Windows NT 10.0; Win64; x64) AppleWebKit/537.36 (KHTML, like Gecko) Chrome/108.0.0.0 Safari/537.36" "www.rbcauayan.com"
136.158.16.228 - - [09/Dec/2022:08:39:25 -0800] "GET /ssl/images/iconrb.png HTTP/1.1" 200 3626 "https://www.rbcauayan.com/ssl/Deposit-savings.html" "Mozilla/5.0 (Windows NT 10.0; Win64; x64) AppleWebKit/537.36 (KHTML, like Gecko) Chrome/108.0.0.0 Safari/537.36" "www.rbcauayan.com"
136.158.16.228 - - [09/Dec/2022:08:39:29 -0800] "GET /rbcauayandata/onlineappform/Script/term-and-condition.php?Product=Regular%20Savings%20Deposit HTTP/1.1" 200 2472 "https://www.rbcauayan.com/ssl/Deposit-savings.html" "Mozilla/5.0 (Windows NT 10.0; Win64; x64) AppleWebKit/537.36 (KHTML, like Gecko) Chrome/108.0.0.0 Safari/537.36" "www.rbcauayan.com"
136.158.16.228 - - [09/Dec/2022:08:39:30 -0800] "GET /rbcauayandata/onlineappform/css/style2.css HTTP/1.1" 200 478 "https://www.rbcauayan.com/rbcauayandata/onlineappform/Script/term-and-condition.php?Product=Regular%20Savings%20Deposit" "Mozilla/5.0 (Windows NT 10.0; Win64; x64) AppleWebKit/537.36 (KHTML, like Gecko) Chrome/108.0.0.0 Safari/537.36" "www.rbcauayan.com"
136.158.16.228 - - [09/Dec/2022:08:39:30 -0800] "GET /rbcauayandata/onlineappform/css/bootstrap.min.css?ver=466 HTTP/1.1" 200 23942 "https://www.rbcauayan.com/rbcauayandata/onlineappform/Script/term-and-condition.php?Product=Regular%20Savings%20Deposit" "Mozilla/5.0 (Windows NT 10.0; Win64; x64) AppleWebKit/537.36 (KHTML, like Gecko) Chrome/108.0.0.0 Safari/537.36" "www.rbcauayan.com"
136.158.16.228 - - [09/Dec/2022:08:39:30 -0800] "GET /rbcauayandata/onlineappform/js/jquery352.min.js?ver=316 HTTP/1.1" 200 33437 "https://www.rbcauayan.com/rbcauayandata/onlineappform/Script/term-and-condition.php?Product=Regular%20Savings%20Deposit" "Mozilla/5.0 (Windows NT 10.0; Win64; x64) AppleWebKit/537.36 (KHTML, like Gecko) Chrome/108.0.0.0 Safari/537.36" "www.rbcauayan.com"
136.158.16.228 - - [09/Dec/2022:08:39:30 -0800] "GET /rbcauayandata/onlineappform/js/modal-bootstrap.min.js?ver=527 HTTP/1.1" 200 10945 "https://www.rbcauayan.com/rbcauayandata/onlineappform/Script/term-and-condition.php?Product=Regular%20Savings%20Deposit" "Mozilla/5.0 (Windows NT 10.0; Win64; x64) AppleWebKit/537.36 (KHTML, like Gecko) Chrome/108.0.0.0 Safari/537.36" "www.rbcauayan.com"
136.158.16.228 - - [09/Dec/2022:08:39:30 -0800] "GET /rbcauayandata/onlineappform/js/bootstrap.min.js?ver=168 HTTP/1.1" 200 13112 "https://www.rbcauayan.com/rbcauayandata/onlineappform/Script/term-and-condition.php?Product=Regular%20Savings%20Deposit" "Mozilla/5.0 (Windows NT 10.0; Win64; x64) AppleWebKit/537.36 (KHTML, like Gecko) Chrome/108.0.0.0 Safari/537.36" "www.rbcauayan.com"
136.158.16.228 - - [09/Dec/2022:08:39:30 -0800] "GET /rbcauayandata/onlineappform/css/bootstrap3.4.1.min.css?ver=692 HTTP/1.1" 200 19745 "https://www.rbcauayan.com/rbcauayandata/onlineappform/Script/term-and-condition.php?Product=Regular%20Savings%20Deposit" "Mozilla/5.0 (Windows NT 10.0; Win64; x64) AppleWebKit/537.36 (KHTML, like Gecko) Chrome/108.0.0.0 Safari/537.36" "www.rbcauayan.com"
136.158.16.228 - - [09/Dec/2022:08:39:30 -0800] "GET /rbcauayandata/onlineappform/js/jquery.min.js?ver=397 HTTP/1.1" 200 30913 "https://www.rbcauayan.com/rbcauayandata/onlineappform/Script/term-and-condition.php?Product=Regular%20Savings%20Deposit" "Mozilla/5.0 (Windows NT 10.0; Win64; x64) AppleWebKit/537.36 (KHTML, like Gecko) Chrome/108.0.0.0 Safari/537.36" "www.rbcauayan.com"
136.158.16.228 - - [09/Dec/2022:08:39:43 -0800] "GET /rbcauayandata/onlineappform/Script/Firstpage.php?ProductchildID=Regular%20Savings%20Deposit HTTP/1.1" 200 37791 "https://www.rbcauayan.com/rbcauayandata/onlineappform/Script/term-and-condition.php?Product=Regular%20Savings%20Deposit" "Mozilla/5.0 (Windows NT 10.0; Win64; x64) AppleWebKit/537.36 (KHTML, like Gecko) Chrome/108.0.0.0 Safari/537.36" "www.rbcauayan.com"
136.158.16.228 - - [09/Dec/2022:08:39:45 -0800] "GET /rbcauayandata/onlineappform/css/bootstrap3.4.1.min.css?ver=690 HTTP/1.1" 200 19745 "https://www.rbcauayan.com/rbcauayandata/onlineappform/Script/Firstpage.php?ProductchildID=Regular%20Savings%20Deposit" "Mozilla/5.0 (Windows NT 10.0; Win64; x64) AppleWebKit/537.36 (KHTML, like Gecko) Chrome/108.0.0.0 Safari/537.36" "www.rbcauayan.com"
136.158.16.228 - - [09/Dec/2022:08:39:45 -0800] "GET /rbcauayandata/onlineappform/css/bootstrap.min.css?ver=610 HTTP/1.1" 200 23942 "https://www.rbcauayan.com/rbcauayandata/onlineappform/Script/Firstpage.php?ProductchildID=Regular%20Savings%20Deposit" "Mozilla/5.0 (Windows NT 10.0; Win64; x64) AppleWebKit/537.36 (KHTML, like Gecko) Chrome/108.0.0.0 Safari/537.36" "www.rbcauayan.com"
136.158.16.228 - - [09/Dec/2022:08:39:45 -0800] "GET /rbcauayandata/onlineappform/js/jquery351.min.js?ver=182 HTTP/1.1" 200 30913 "https://www.rbcauayan.com/rbcauayandata/onlineappform/Script/Firstpage.php?ProductchildID=Regular%20Savings%20Deposit" "Mozilla/5.0 (Windows NT 10.0; Win64; x64) AppleWebKit/537.36 (KHTML, like Gecko) Chrome/108.0.0.0 Safari/537.36" "www.rbcauayan.com"
136.158.16.228 - - [09/Dec/2022:08:39:45 -0800] "GET /rbcauayandata/onlineappform/js/jquery.min.js?ver=138 HTTP/1.1" 200 30913 "https://www.rbcauayan.com/rbcauayandata/onlineappform/Script/Firstpage.php?ProductchildID=Regular%20Savings%20Deposit" "Mozilla/5.0 (Windows NT 10.0; Win64; x64) AppleWebKit/537.36 (KHTML, like Gecko) Chrome/108.0.0.0 Safari/537.36" "www.rbcauayan.com"
136.158.16.228 - - [09/Dec/2022:08:39:46 -0800] "GET /rbcauayandata/onlineappform/font/Nunito-Regular.ttf HTTP/1.1" 200 131736 "https://www.rbcauayan.com/rbcauayandata/onlineappform/Script/Firstpage.php?ProductchildID=Regular%20Savings%20Deposit" "Mozilla/5.0 (Windows NT 10.0; Win64; x64) AppleWebKit/537.36 (KHTML, like Gecko) Chrome/108.0.0.0 Safari/537.36" "www.rbcauayan.com"
64.124.8.36 - - [09/Dec/2022:08:41:20 -0800] "GET /ssl/ropa.html HTTP/1.1" 200 5170 "-" "Mozilla/5.0 (X11; Linux x86_64) AppleWebKit/537.36 (KHTML, like Gecko) Chrome/61.0.3163.79 Safari/537.36" "www.rbcauayan.com"
136.158.16.228 - - [09/Dec/2022:08:45:00 -0800] "POST /rbcauayandata/onlineappform/connect/form1.php HTTP/1.1" 200 30 "https://www.rbcauayan.com/rbcauayandata/onlineappform/Script/Firstpage.php?ProductchildID=Regular%20Savings%20Deposit" "Mozilla/5.0 (Windows NT 10.0; Win64; x64) AppleWebKit/537.36 (KHTML, like Gecko) Chrome/108.0.0.0 Safari/537.36" "www.rbcauayan.com"
136.158.16.228 - - [09/Dec/2022:08:45:02 -0800] "GET /rbcauayandata/onlineappform/Script/Secondpage.php?ID=aXqG9Yt8dP HTTP/1.1" 200 27957 "https://www.rbcauayan.com/rbcauayandata/onlineappform/Script/Firstpage.php?ProductchildID=Regular%20Savings%20Deposit" "Mozilla/5.0 (Windows NT 10.0; Win64; x64) AppleWebKit/537.36 (KHTML, like Gecko) Chrome/108.0.0.0 Safari/537.36" "www.rbcauayan.com"
136.158.16.228 - - [09/Dec/2022:08:45:03 -0800] "GET /rbcauayandata/onlineappform/css/bootstrap3.4.1.min.css?ver=971 HTTP/1.1" 200 19745 "https://www.rbcauayan.com/rbcauayandata/onlineappform/Script/Secondpage.php?ID=aXqG9Yt8dP" "Mozilla/5.0 (Windows NT 10.0; Win64; x64) AppleWebKit/537.36 (KHTML, like Gecko) Chrome/108.0.0.0 Safari/537.36" "www.rbcauayan.com"
136.158.16.228 - - [09/Dec/2022:08:45:03 -0800] "GET /rbcauayandata/onlineappform/css/bootstrap.min.css?ver=518 HTTP/1.1" 200 23942 "https://www.rbcauayan.com/rbcauayandata/onlineappform/Script/Secondpage.php?ID=aXqG9Yt8dP" "Mozilla/5.0 (Windows NT 10.0; Win64; x64) AppleWebKit/537.36 (KHTML, like Gecko) Chrome/108.0.0.0 Safari/537.36" "www.rbcauayan.com"
136.158.16.228 - - [09/Dec/2022:08:45:03 -0800] "GET /rbcauayandata/onlineappform/js/jquery.min.js?ver=419 HTTP/1.1" 200 30913 "https://www.rbcauayan.com/rbcauayandata/onlineappform/Script/Secondpage.php?ID=aXqG9Yt8dP" "Mozilla/5.0 (Windows NT 10.0; Win64; x64) AppleWebKit/537.36 (KHTML, like Gecko) Chrome/108.0.0.0 Safari/537.36" "www.rbcauayan.com"
136.158.16.228 - - [09/Dec/2022:08:45:03 -0800] "GET /rbcauayandata/onlineappform/js/jquery351.min.js?ver=641 HTTP/1.1" 200 30913 "https://www.rbcauayan.com/rbcauayandata/onlineappform/Script/Secondpage.php?ID=aXqG9Yt8dP" "Mozilla/5.0 (Windows NT 10.0; Win64; x64) AppleWebKit/537.36 (KHTML, like Gecko) Chrome/108.0.0.0 Safari/537.36" "www.rbcauayan.com"
157.55.39.198 - - [09/Dec/2022:08:46:12 -0800] "GET /ssl/plugins/jquery.countto.js HTTP/1.1" 404 88 "-" "Mozilla/5.0 (compatible; MSIE 9.0; Windows NT 6.1; Trident/5.0)" "rbcauayan.com"
216.244.66.231 - - [09/Dec/2022:08:48:15 -0800] "GET /ssl/images/donate.jpg HTTP/1.1" 200 660427 "-" "Mozilla/5.0 (compatible; DotBot/1.2; +https://opensiteexplorer.org/dotbot; help@moz.com)" "rbcauayan.com"
136.158.16.228 - - [09/Dec/2022:08:48:52 -0800] "GET /rbcauayandata/onlineappform/Mobile/Firstpage.php?ProductchildID=Regular%20Savings%20Deposit HTTP/1.1" 200 36648 "-" "Mozilla/5.0 (iPhone; CPU iPhone OS 15_7 like Mac OS X) AppleWebKit/605.1.15 (KHTML, like Gecko) CriOS/92.0.4515.90 Mobile/15E148 Safari/604.1" "www.rbcauayan.com"
136.158.16.228 - - [09/Dec/2022:08:48:53 -0800] "GET /rbcauayandata/onlineappform/css/bootstrap3.4.1.min.css?ver=216 HTTP/1.1" 200 19745 "https://www.rbcauayan.com/rbcauayandata/onlineappform/Mobile/Firstpage.php?ProductchildID=Regular%20Savings%20Deposit" "Mozilla/5.0 (iPhone; CPU iPhone OS 15_7 like Mac OS X) AppleWebKit/605.1.15 (KHTML, like Gecko) CriOS/92.0.4515.90 Mobile/15E148 Safari/604.1" "www.rbcauayan.com"
136.158.16.228 - - [09/Dec/2022:08:48:53 -0800] "GET /rbcauayandata/onlineappform/css/bootstrap.min.css?ver=184 HTTP/1.1" 200 23942 "https://www.rbcauayan.com/rbcauayandata/onlineappform/Mobile/Firstpage.php?ProductchildID=Regular%20Savings%20Deposit" "Mozilla/5.0 (iPhone; CPU iPhone OS 15_7 like Mac OS X) AppleWebKit/605.1.15 (KHTML, like Gecko) CriOS/92.0.4515.90 Mobile/15E148 Safari/604.1" "www.rbcauayan.com"
136.158.16.228 - - [09/Dec/2022:08:48:54 -0800] "GET /rbcauayandata/onlineappform/js/jquery351.min.js?ver=608 HTTP/1.1" 200 30913 "https://www.rbcauayan.com/rbcauayandata/onlineappform/Mobile/Firstpage.php?ProductchildID=Regular%20Savings%20Deposit" "Mozilla/5.0 (iPhone; CPU iPhone OS 15_7 like Mac OS X) AppleWebKit/605.1.15 (KHTML, like Gecko) CriOS/92.0.4515.90 Mobile/15E148 Safari/604.1" "www.rbcauayan.com"
136.158.16.228 - - [09/Dec/2022:08:48:54 -0800] "GET /rbcauayandata/onlineappform/js/jquery.min.js?ver=664 HTTP/1.1" 200 30913 "https://www.rbcauayan.com/rbcauayandata/onlineappform/Mobile/Firstpage.php?ProductchildID=Regular%20Savings%20Deposit" "Mozilla/5.0 (iPhone; CPU iPhone OS 15_7 like Mac OS X) AppleWebKit/605.1.15 (KHTML, like Gecko) CriOS/92.0.4515.90 Mobile/15E148 Safari/604.1" "www.rbcauayan.com"
40.77.167.51 - - [09/Dec/2022:08:50:05 -0800] "GET /ssl/page-contact.html/plugins/jquery.validate.js HTTP/1.1" 404 88 "-" "Mozilla/5.0 (compatible; MSIE 9.0; Windows NT 6.1; Trident/5.0)" "rbcauayan.com"
216.244.66.231 - - [09/Dec/2022:08:50:25 -0800] "GET /ssl/images/xmas-1.jpg HTTP/1.1" 200 750090 "-" "Mozilla/5.0 (compatible; DotBot/1.2; +https://opensiteexplorer.org/dotbot; help@moz.com)" "rbcauayan.com"
64.124.8.36 - - [09/Dec/2022:08:50:36 -0800] "GET /ssl/other-bdoremit.html HTTP/1.1" 200 4371 "-" "Mozilla/5.0 (X11; Linux x86_64) AppleWebKit/537.36 (KHTML, like Gecko) Chrome/61.0.3163.79 Safari/537.36" "www.rbcauayan.com"
216.244.66.231 - - [09/Dec/2022:08:50:47 -0800] "GET /ssl/images/xmas-5.jpg HTTP/1.1" 200 757321 "-" "Mozilla/5.0 (compatible; DotBot/1.2; +https://opensiteexplorer.org/dotbot; help@moz.com)" "rbcauayan.com"
136.158.16.228 - - [09/Dec/2022:08:50:46 -0800] "POST /rbcauayandata/onlineappform/connect/form2.php HTTP/1.1" 200 29 "https://www.rbcauayan.com/rbcauayandata/onlineappform/Script/Secondpage.php?ID=aXqG9Yt8dP" "Mozilla/5.0 (Windows NT 10.0; Win64; x64) AppleWebKit/537.36 (KHTML, like Gecko) Chrome/108.0.0.0 Safari/537.36" "www.rbcauayan.com"
136.158.16.228 - - [09/Dec/2022:08:50:47 -0800] "GET /rbcauayandata/onlineappform/Script/Thirdpage.php?ID=aXqG9Yt8dP HTTP/1.1" 200 24869 "https://www.rbcauayan.com/rbcauayandata/onlineappform/Script/Secondpage.php?ID=aXqG9Yt8dP" "Mozilla/5.0 (Windows NT 10.0; Win64; x64) AppleWebKit/537.36 (KHTML, like Gecko) Chrome/108.0.0.0 Safari/537.36" "www.rbcauayan.com"
136.158.16.228 - - [09/Dec/2022:08:50:48 -0800] "GET /rbcauayandata/onlineappform/css/bootstrap3.4.1.min.css?ver=536 HTTP/1.1" 200 19745 "https://www.rbcauayan.com/rbcauayandata/onlineappform/Script/Thirdpage.php?ID=aXqG9Yt8dP" "Mozilla/5.0 (Windows NT 10.0; Win64; x64) AppleWebKit/537.36 (KHTML, like Gecko) Chrome/108.0.0.0 Safari/537.36" "www.rbcauayan.com"
136.158.16.228 - - [09/Dec/2022:08:50:48 -0800] "GET /rbcauayandata/onlineappform/css/bootstrap.min.css?ver=271 HTTP/1.1" 200 23942 "https://www.rbcauayan.com/rbcauayandata/onlineappform/Script/Thirdpage.php?ID=aXqG9Yt8dP" "Mozilla/5.0 (Windows NT 10.0; Win64; x64) AppleWebKit/537.36 (KHTML, like Gecko) Chrome/108.0.0.0 Safari/537.36" "www.rbcauayan.com"
136.158.16.228 - - [09/Dec/2022:08:50:48 -0800] "GET /rbcauayandata/onlineappform/js/jquery.min.js?ver=529 HTTP/1.1" 200 30913 "https://www.rbcauayan.com/rbcauayandata/onlineappform/Script/Thirdpage.php?ID=aXqG9Yt8dP" "Mozilla/5.0 (Windows NT 10.0; Win64; x64) AppleWebKit/537.36 (KHTML, like Gecko) Chrome/108.0.0.0 Safari/537.36" "www.rbcauayan.com"
136.158.16.228 - - [09/Dec/2022:08:50:48 -0800] "GET /rbcauayandata/onlineappform/js/jquery351.min.js?ver=771 HTTP/1.1" 200 30913 "https://www.rbcauayan.com/rbcauayandata/onlineappform/Script/Thirdpage.php?ID=aXqG9Yt8dP" "Mozilla/5.0 (Windows NT 10.0; Win64; x64) AppleWebKit/537.36 (KHTML, like Gecko) Chrome/108.0.0.0 Safari/537.36" "www.rbcauayan.com"
64.124.8.22 - - [09/Dec/2022:08:50:55 -0800] "GET /robots.txt HTTP/1.1" 404 88 "-" "Mozilla/5.0 (X11; Linux x86_64) AppleWebKit/537.36 (KHTML, like Gecko) Chrome/61.0.3163.79 Safari/537.36" "rbcauayan.com"
64.124.8.22 - - [09/Dec/2022:08:50:55 -0800] "GET /ssl/index.html HTTP/1.1" 200 8088 "-" "Mozilla/5.0 (X11; Linux x86_64) AppleWebKit/537.36 (KHTML, like Gecko) Chrome/61.0.3163.79 Safari/537.36" "rbcauayan.com"
64.124.8.36 - - [09/Dec/2022:08:54:04 -0800] "GET /ssl/news-7.html HTTP/1.1" 200 4794 "-" "Mozilla/5.0 (X11; Linux x86_64) AppleWebKit/537.36 (KHTML, like Gecko) Chrome/61.0.3163.79 Safari/537.36" "www.rbcauayan.com"
64.124.8.36 - - [09/Dec/2022:08:54:10 -0800] "GET /ssl/Loans-Crop.html HTTP/1.1" 200 4441 "-" "Mozilla/5.0 (X11; Linux x86_64) AppleWebKit/537.36 (KHTML, like Gecko) Chrome/61.0.3163.79 Safari/537.36" "www.rbcauayan.com"
157.55.39.86 - - [09/Dec/2022:08:55:30 -0800] "GET /ssl/page-contact.html/js/google.map.config.js HTTP/1.1" 404 88 "-" "Mozilla/5.0 (compatible; MSIE 9.0; Windows NT 6.1; Trident/5.0)" "rbcauayan.com"
64.124.8.36 - - [09/Dec/2022:08:57:27 -0800] "GET /ssl/Deposit-demand.html HTTP/1.1" 200 4446 "-" "Mozilla/5.0 (X11; Linux x86_64) AppleWebKit/537.36 (KHTML, like Gecko) Chrome/61.0.3163.79 Safari/537.36" "www.rbcauayan.com"
136.158.16.228 - - [09/Dec/2022:08:57:30 -0800] "POST /rbcauayandata/onlineappform/connect/form3.php HTTP/1.1" 200 29 "https://www.rbcauayan.com/rbcauayandata/onlineappform/Script/Thirdpage.php?ID=aXqG9Yt8dP" "Mozilla/5.0 (Windows NT 10.0; Win64; x64) AppleWebKit/537.36 (KHTML, like Gecko) Chrome/108.0.0.0 Safari/537.36" "www.rbcauayan.com"
136.158.16.228 - - [09/Dec/2022:08:57:32 -0800] "GET /rbcauayandata/onlineappform/Script/Forthpage.php?ID=aXqG9Yt8dP HTTP/1.1" 200 49052 "https://www.rbcauayan.com/rbcauayandata/onlineappform/Script/Thirdpage.php?ID=aXqG9Yt8dP" "Mozilla/5.0 (Windows NT 10.0; Win64; x64) AppleWebKit/537.36 (KHTML, like Gecko) Chrome/108.0.0.0 Safari/537.36" "www.rbcauayan.com"
136.158.16.228 - - [09/Dec/2022:08:57:34 -0800] "GET /rbcauayandata/onlineappform/css/bootstrap3.4.1.min.css?ver=825 HTTP/1.1" 200 19745 "https://www.rbcauayan.com/rbcauayandata/onlineappform/Script/Forthpage.php?ID=aXqG9Yt8dP" "Mozilla/5.0 (Windows NT 10.0; Win64; x64) AppleWebKit/537.36 (KHTML, like Gecko) Chrome/108.0.0.0 Safari/537.36" "www.rbcauayan.com"
136.158.16.228 - - [09/Dec/2022:08:57:34 -0800] "GET /rbcauayandata/onlineappform/css/bootstrap.min.css?ver=999 HTTP/1.1" 200 23942 "https://www.rbcauayan.com/rbcauayandata/onlineappform/Script/Forthpage.php?ID=aXqG9Yt8dP" "Mozilla/5.0 (Windows NT 10.0; Win64; x64) AppleWebKit/537.36 (KHTML, like Gecko) Chrome/108.0.0.0 Safari/537.36" "www.rbcauayan.com"
136.158.16.228 - - [09/Dec/2022:08:57:35 -0800] "GET /rbcauayandata/onlineappform/js/jquery.min.js?ver=603 HTTP/1.1" 200 30913 "https://www.rbcauayan.com/rbcauayandata/onlineappform/Script/Forthpage.php?ID=aXqG9Yt8dP" "Mozilla/5.0 (Windows NT 10.0; Win64; x64) AppleWebKit/537.36 (KHTML, like Gecko) Chrome/108.0.0.0 Safari/537.36" "www.rbcauayan.com"
136.158.16.228 - - [09/Dec/2022:08:57:35 -0800] "GET /rbcauayandata/onlineappform/js/jquery351.min.js?ver=631 HTTP/1.1" 200 30913 "https://www.rbcauayan.com/rbcauayandata/onlineappform/Script/Forthpage.php?ID=aXqG9Yt8dP" "Mozilla/5.0 (Windows NT 10.0; Win64; x64) AppleWebKit/537.36 (KHTML, like Gecko) Chrome/108.0.0.0 Safari/537.36" "www.rbcauayan.com"
17.121.115.36 - - [09/Dec/2022:08:59:21 -0800] "GET /robots.txt HTTP/1.1" 404 88 "-" "Mozilla/5.0 (Macintosh; Intel Mac OS X 10_15_5) AppleWebKit/605.1.15 (KHTML, like Gecko) Version/13.1.1 Safari/605.1.15 (Applebot/0.1; +http://www.apple.com/go/applebot)" "rbcauayan.com"
17.121.115.36 - - [09/Dec/2022:08:59:21 -0800] "GET /ssl/Newsandupdates.html HTTP/1.1" 404 88 "-" "Mozilla/5.0 (Macintosh; Intel Mac OS X 10_15_5) AppleWebKit/605.1.15 (KHTML, like Gecko) Version/13.1.1 Safari/605.1.15 (Applebot/0.1; +http://www.apple.com/go/applebot)" "rbcauayan.com"
185.191.171.23 - - [09/Dec/2022:09:03:14 -0800] "GET /robots.txt HTTP/1.1" 404 88 "-" "Mozilla/5.0 (compatible; SemrushBot/7~bl; +http://www.semrush.com/bot.html)" "www.rbcauayan.com"
185.191.171.42 - - [09/Dec/2022:09:03:19 -0800] "GET /ssl/Deposit-savings.html HTTP/1.1" 200 4531 "-" "Mozilla/5.0 (compatible; SemrushBot/7~bl; +http://www.semrush.com/bot.html)" "www.rbcauayan.com"
64.124.8.36 - - [09/Dec/2022:09:04:23 -0800] "GET /ssl/other-sss.html HTTP/1.1" 200 4105 "-" "Mozilla/5.0 (X11; Linux x86_64) AppleWebKit/537.36 (KHTML, like Gecko) Chrome/61.0.3163.79 Safari/537.36" "www.rbcauayan.com"
136.158.16.228 - - [09/Dec/2022:09:05:26 -0800] "POST /rbcauayandata/onlineappform/connect/form4.php HTTP/1.1" 200 26 "https://www.rbcauayan.com/rbcauayandata/onlineappform/Script/Forthpage.php?ID=aXqG9Yt8dP" "Mozilla/5.0 (Windows NT 10.0; Win64; x64) AppleWebKit/537.36 (KHTML, like Gecko) Chrome/108.0.0.0 Safari/537.36" "www.rbcauayan.com"
136.158.16.228 - - [09/Dec/2022:09:05:33 -0800] "GET /rbcauayandata/onlineappform/Script/review.php?ID=aXqG9Yt8dP HTTP/1.1" 200 78066 "https://www.rbcauayan.com/rbcauayandata/onlineappform/Script/Forthpage.php?ID=aXqG9Yt8dP" "Mozilla/5.0 (Windows NT 10.0; Win64; x64) AppleWebKit/537.36 (KHTML, like Gecko) Chrome/108.0.0.0 Safari/537.36" "www.rbcauayan.com"
136.158.16.228 - - [09/Dec/2022:09:05:34 -0800] "GET /rbcauayandata/onlineappform/css/bootstrap3.4.1.min.css?ver=794 HTTP/1.1" 200 19745 "https://www.rbcauayan.com/rbcauayandata/onlineappform/Script/review.php?ID=aXqG9Yt8dP" "Mozilla/5.0 (Windows NT 10.0; Win64; x64) AppleWebKit/537.36 (KHTML, like Gecko) Chrome/108.0.0.0 Safari/537.36" "www.rbcauayan.com"
136.158.16.228 - - [09/Dec/2022:09:05:34 -0800] "GET /rbcauayandata/onlineappform/css/bootstrap.min.css?ver=334 HTTP/1.1" 200 23942 "https://www.rbcauayan.com/rbcauayandata/onlineappform/Script/review.php?ID=aXqG9Yt8dP" "Mozilla/5.0 (Windows NT 10.0; Win64; x64) AppleWebKit/537.36 (KHTML, like Gecko) Chrome/108.0.0.0 Safari/537.36" "www.rbcauayan.com"
136.158.16.228 - - [09/Dec/2022:09:05:34 -0800] "GET /rbcauayandata/onlineappform/js/jquery.min.js?ver=689 HTTP/1.1" 200 30913 "https://www.rbcauayan.com/rbcauayandata/onlineappform/Script/review.php?ID=aXqG9Yt8dP" "Mozilla/5.0 (Windows NT 10.0; Win64; x64) AppleWebKit/537.36 (KHTML, like Gecko) Chrome/108.0.0.0 Safari/537.36" "www.rbcauayan.com"
136.158.16.228 - - [09/Dec/2022:09:05:34 -0800] "GET /rbcauayandata/onlineappform/js/jquery351.min.js?ver=231 HTTP/1.1" 200 30913 "https://www.rbcauayan.com/rbcauayandata/onlineappform/Script/review.php?ID=aXqG9Yt8dP" "Mozilla/5.0 (Windows NT 10.0; Win64; x64) AppleWebKit/537.36 (KHTML, like Gecko) Chrome/108.0.0.0 Safari/537.36" "www.rbcauayan.com"
136.158.16.228 - - [09/Dec/2022:09:06:55 -0800] "GET /rbcauayandata/onlineappform/Script/ModifyFirstpage.php?ID=aXqG9Yt8dP HTTP/1.1" 200 35820 "https://www.rbcauayan.com/rbcauayandata/onlineappform/Script/review.php?ID=aXqG9Yt8dP" "Mozilla/5.0 (Windows NT 10.0; Win64; x64) AppleWebKit/537.36 (KHTML, like Gecko) Chrome/108.0.0.0 Safari/537.36" "www.rbcauayan.com"
136.158.16.228 - - [09/Dec/2022:09:06:56 -0800] "GET /rbcauayandata/onlineappform/css/bootstrap3.4.1.min.css?ver=734 HTTP/1.1" 200 19745 "https://www.rbcauayan.com/rbcauayandata/onlineappform/Script/ModifyFirstpage.php?ID=aXqG9Yt8dP" "Mozilla/5.0 (Windows NT 10.0; Win64; x64) AppleWebKit/537.36 (KHTML, like Gecko) Chrome/108.0.0.0 Safari/537.36" "www.rbcauayan.com"
136.158.16.228 - - [09/Dec/2022:09:06:56 -0800] "GET /rbcauayandata/onlineappform/css/bootstrap.min.css?ver=298 HTTP/1.1" 200 23942 "https://www.rbcauayan.com/rbcauayandata/onlineappform/Script/ModifyFirstpage.php?ID=aXqG9Yt8dP" "Mozilla/5.0 (Windows NT 10.0; Win64; x64) AppleWebKit/537.36 (KHTML, like Gecko) Chrome/108.0.0.0 Safari/537.36" "www.rbcauayan.com"
136.158.16.228 - - [09/Dec/2022:09:06:56 -0800] "GET /rbcauayandata/onlineappform/js/jquery351.min.js?ver=884 HTTP/1.1" 200 30913 "https://www.rbcauayan.com/rbcauayandata/onlineappform/Script/ModifyFirstpage.php?ID=aXqG9Yt8dP" "Mozilla/5.0 (Windows NT 10.0; Win64; x64) AppleWebKit/537.36 (KHTML, like Gecko) Chrome/108.0.0.0 Safari/537.36" "www.rbcauayan.com"
136.158.16.228 - - [09/Dec/2022:09:06:56 -0800] "GET /rbcauayandata/onlineappform/js/jquery.min.js?ver=651 HTTP/1.1" 200 30913 "https://www.rbcauayan.com/rbcauayandata/onlineappform/Script/ModifyFirstpage.php?ID=aXqG9Yt8dP" "Mozilla/5.0 (Windows NT 10.0; Win64; x64) AppleWebKit/537.36 (KHTML, like Gecko) Chrome/108.0.0.0 Safari/537.36" "www.rbcauayan.com"
136.158.16.228 - - [09/Dec/2022:09:07:12 -0800] "POST /rbcauayandata/onlineappform/connect/Editform1.php HTTP/1.1" 200 36 "https://www.rbcauayan.com/rbcauayandata/onlineappform/Script/ModifyFirstpage.php?ID=aXqG9Yt8dP" "Mozilla/5.0 (Windows NT 10.0; Win64; x64) AppleWebKit/537.36 (KHTML, like Gecko) Chrome/108.0.0.0 Safari/537.36" "www.rbcauayan.com"
136.158.16.228 - - [09/Dec/2022:09:07:12 -0800] "GET /rbcauayandata/onlineappform/Script/ModifySecondpage.php?ID=aXqG9Yt8dP HTTP/1.1" 200 28407 "https://www.rbcauayan.com/rbcauayandata/onlineappform/Script/ModifyFirstpage.php?ID=aXqG9Yt8dP" "Mozilla/5.0 (Windows NT 10.0; Win64; x64) AppleWebKit/537.36 (KHTML, like Gecko) Chrome/108.0.0.0 Safari/537.36" "www.rbcauayan.com"
136.158.16.228 - - [09/Dec/2022:09:07:12 -0800] "GET /rbcauayandata/onlineappform/css/bootstrap.min.css?ver=881 HTTP/1.1" 200 23942 "https://www.rbcauayan.com/rbcauayandata/onlineappform/Script/ModifySecondpage.php?ID=aXqG9Yt8dP" "Mozilla/5.0 (Windows NT 10.0; Win64; x64) AppleWebKit/537.36 (KHTML, like Gecko) Chrome/108.0.0.0 Safari/537.36" "www.rbcauayan.com"
136.158.16.228 - - [09/Dec/2022:09:07:12 -0800] "GET /rbcauayandata/onlineappform/css/bootstrap3.4.1.min.css?ver=960 HTTP/1.1" 200 19745 "https://www.rbcauayan.com/rbcauayandata/onlineappform/Script/ModifySecondpage.php?ID=aXqG9Yt8dP" "Mozilla/5.0 (Windows NT 10.0; Win64; x64) AppleWebKit/537.36 (KHTML, like Gecko) Chrome/108.0.0.0 Safari/537.36" "www.rbcauayan.com"
136.158.16.228 - - [09/Dec/2022:09:07:13 -0800] "GET /rbcauayandata/onlineappform/js/jquery.min.js?ver=463 HTTP/1.1" 200 30913 "https://www.rbcauayan.com/rbcauayandata/onlineappform/Script/ModifySecondpage.php?ID=aXqG9Yt8dP" "Mozilla/5.0 (Windows NT 10.0; Win64; x64) AppleWebKit/537.36 (KHTML, like Gecko) Chrome/108.0.0.0 Safari/537.36" "www.rbcauayan.com"
136.158.16.228 - - [09/Dec/2022:09:07:13 -0800] "GET /rbcauayandata/onlineappform/js/jquery351.min.js?ver=333 HTTP/1.1" 200 30913 "https://www.rbcauayan.com/rbcauayandata/onlineappform/Script/ModifySecondpage.php?ID=aXqG9Yt8dP" "Mozilla/5.0 (Windows NT 10.0; Win64; x64) AppleWebKit/537.36 (KHTML, like Gecko) Chrome/108.0.0.0 Safari/537.36" "www.rbcauayan.com"
136.158.16.228 - - [09/Dec/2022:09:07:23 -0800] "POST /rbcauayandata/onlineappform/connect/Editform2.php HTTP/1.1" 200 35 "https://www.rbcauayan.com/rbcauayandata/onlineappform/Script/ModifySecondpage.php?ID=aXqG9Yt8dP" "Mozilla/5.0 (Windows NT 10.0; Win64; x64) AppleWebKit/537.36 (KHTML, like Gecko) Chrome/108.0.0.0 Safari/537.36" "www.rbcauayan.com"
136.158.16.228 - - [09/Dec/2022:09:07:23 -0800] "GET /rbcauayandata/onlineappform/Script/ModifyThirdpage.php?ID=aXqG9Yt8dP HTTP/1.1" 200 25316 "https://www.rbcauayan.com/rbcauayandata/onlineappform/Script/ModifySecondpage.php?ID=aXqG9Yt8dP" "Mozilla/5.0 (Windows NT 10.0; Win64; x64) AppleWebKit/537.36 (KHTML, like Gecko) Chrome/108.0.0.0 Safari/537.36" "www.rbcauayan.com"
136.158.16.228 - - [09/Dec/2022:09:07:24 -0800] "GET /rbcauayandata/onlineappform/css/bootstrap3.4.1.min.css?ver=452 HTTP/1.1" 200 19745 "https://www.rbcauayan.com/rbcauayandata/onlineappform/Script/ModifyThirdpage.php?ID=aXqG9Yt8dP" "Mozilla/5.0 (Windows NT 10.0; Win64; x64) AppleWebKit/537.36 (KHTML, like Gecko) Chrome/108.0.0.0 Safari/537.36" "www.rbcauayan.com"
136.158.16.228 - - [09/Dec/2022:09:07:24 -0800] "GET /rbcauayandata/onlineappform/css/bootstrap.min.css?ver=744 HTTP/1.1" 200 23942 "https://www.rbcauayan.com/rbcauayandata/onlineappform/Script/ModifyThirdpage.php?ID=aXqG9Yt8dP" "Mozilla/5.0 (Windows NT 10.0; Win64; x64) AppleWebKit/537.36 (KHTML, like Gecko) Chrome/108.0.0.0 Safari/537.36" "www.rbcauayan.com"
136.158.16.228 - - [09/Dec/2022:09:07:24 -0800] "GET /rbcauayandata/onlineappform/js/jquery.min.js?ver=241 HTTP/1.1" 200 30913 "https://www.rbcauayan.com/rbcauayandata/onlineappform/Script/ModifyThirdpage.php?ID=aXqG9Yt8dP" "Mozilla/5.0 (Windows NT 10.0; Win64; x64) AppleWebKit/537.36 (KHTML, like Gecko) Chrome/108.0.0.0 Safari/537.36" "www.rbcauayan.com"
136.158.16.228 - - [09/Dec/2022:09:07:24 -0800] "GET /rbcauayandata/onlineappform/js/jquery351.min.js?ver=766 HTTP/1.1" 200 30913 "https://www.rbcauayan.com/rbcauayandata/onlineappform/Script/ModifyThirdpage.php?ID=aXqG9Yt8dP" "Mozilla/5.0 (Windows NT 10.0; Win64; x64) AppleWebKit/537.36 (KHTML, like Gecko) Chrome/108.0.0.0 Safari/537.36" "www.rbcauayan.com"
136.158.16.228 - - [09/Dec/2022:09:07:52 -0800] "POST /rbcauayandata/onlineappform/connect/Editform3.php HTTP/1.1" 200 35 "https://www.rbcauayan.com/rbcauayandata/onlineappform/Script/ModifyThirdpage.php?ID=aXqG9Yt8dP" "Mozilla/5.0 (Windows NT 10.0; Win64; x64) AppleWebKit/537.36 (KHTML, like Gecko) Chrome/108.0.0.0 Safari/537.36" "www.rbcauayan.com"
136.158.16.228 - - [09/Dec/2022:09:07:52 -0800] "GET /rbcauayandata/onlineappform/Script/ModifyForthpage.php?ID=aXqG9Yt8dP HTTP/1.1" 200 50049 "https://www.rbcauayan.com/rbcauayandata/onlineappform/Script/ModifyThirdpage.php?ID=aXqG9Yt8dP" "Mozilla/5.0 (Windows NT 10.0; Win64; x64) AppleWebKit/537.36 (KHTML, like Gecko) Chrome/108.0.0.0 Safari/537.36" "www.rbcauayan.com"
136.158.16.228 - - [09/Dec/2022:09:07:53 -0800] "GET /rbcauayandata/onlineappform/css/bootstrap.min.css?ver=770 HTTP/1.1" 200 23942 "https://www.rbcauayan.com/rbcauayandata/onlineappform/Script/ModifyForthpage.php?ID=aXqG9Yt8dP" "Mozilla/5.0 (Windows NT 10.0; Win64; x64) AppleWebKit/537.36 (KHTML, like Gecko) Chrome/108.0.0.0 Safari/537.36" "www.rbcauayan.com"
136.158.16.228 - - [09/Dec/2022:09:07:53 -0800] "GET /rbcauayandata/onlineappform/css/bootstrap3.4.1.min.css?ver=360 HTTP/1.1" 200 19745 "https://www.rbcauayan.com/rbcauayandata/onlineappform/Script/ModifyForthpage.php?ID=aXqG9Yt8dP" "Mozilla/5.0 (Windows NT 10.0; Win64; x64) AppleWebKit/537.36 (KHTML, like Gecko) Chrome/108.0.0.0 Safari/537.36" "www.rbcauayan.com"
136.158.16.228 - - [09/Dec/2022:09:07:53 -0800] "GET /rbcauayandata/onlineappform/js/jquery.min.js?ver=506 HTTP/1.1" 200 30913 "https://www.rbcauayan.com/rbcauayandata/onlineappform/Script/ModifyForthpage.php?ID=aXqG9Yt8dP" "Mozilla/5.0 (Windows NT 10.0; Win64; x64) AppleWebKit/537.36 (KHTML, like Gecko) Chrome/108.0.0.0 Safari/537.36" "www.rbcauayan.com"
136.158.16.228 - - [09/Dec/2022:09:07:54 -0800] "GET /rbcauayandata/onlineappform/js/jquery351.min.js?ver=283 HTTP/1.1" 200 30913 "https://www.rbcauayan.com/rbcauayandata/onlineappform/Script/ModifyForthpage.php?ID=aXqG9Yt8dP" "Mozilla/5.0 (Windows NT 10.0; Win64; x64) AppleWebKit/537.36 (KHTML, like Gecko) Chrome/108.0.0.0 Safari/537.36" "www.rbcauayan.com"
136.158.16.228 - - [09/Dec/2022:09:08:41 -0800] "POST /rbcauayandata/onlineappform/connect/Editform4.php HTTP/1.1" 200 40 "https://www.rbcauayan.com/rbcauayandata/onlineappform/Script/ModifyForthpage.php?ID=aXqG9Yt8dP" "Mozilla/5.0 (Windows NT 10.0; Win64; x64) AppleWebKit/537.36 (KHTML, like Gecko) Chrome/108.0.0.0 Safari/537.36" "www.rbcauayan.com"
136.158.16.228 - - [09/Dec/2022:09:08:44 -0800] "GET /rbcauayandata/onlineappform/Script/Modifyreview.php?ID=aXqG9Yt8dP HTTP/1.1" 200 78353 "https://www.rbcauayan.com/rbcauayandata/onlineappform/Script/ModifyForthpage.php?ID=aXqG9Yt8dP" "Mozilla/5.0 (Windows NT 10.0; Win64; x64) AppleWebKit/537.36 (KHTML, like Gecko) Chrome/108.0.0.0 Safari/537.36" "www.rbcauayan.com"
136.158.16.228 - - [09/Dec/2022:09:08:44 -0800] "GET /rbcauayandata/onlineappform/css/bootstrap.min.css?ver=197 HTTP/1.1" 200 23942 "https://www.rbcauayan.com/rbcauayandata/onlineappform/Script/Modifyreview.php?ID=aXqG9Yt8dP" "Mozilla/5.0 (Windows NT 10.0; Win64; x64) AppleWebKit/537.36 (KHTML, like Gecko) Chrome/108.0.0.0 Safari/537.36" "www.rbcauayan.com"
136.158.16.228 - - [09/Dec/2022:09:08:44 -0800] "GET /rbcauayandata/onlineappform/css/bootstrap3.4.1.min.css?ver=302 HTTP/1.1" 200 19745 "https://www.rbcauayan.com/rbcauayandata/onlineappform/Script/Modifyreview.php?ID=aXqG9Yt8dP" "Mozilla/5.0 (Windows NT 10.0; Win64; x64) AppleWebKit/537.36 (KHTML, like Gecko) Chrome/108.0.0.0 Safari/537.36" "www.rbcauayan.com"
136.158.16.228 - - [09/Dec/2022:09:08:45 -0800] "GET /rbcauayandata/onlineappform/js/jquery.min.js?ver=646 HTTP/1.1" 200 30913 "https://www.rbcauayan.com/rbcauayandata/onlineappform/Script/Modifyreview.php?ID=aXqG9Yt8dP" "Mozilla/5.0 (Windows NT 10.0; Win64; x64) AppleWebKit/537.36 (KHTML, like Gecko) Chrome/108.0.0.0 Safari/537.36" "www.rbcauayan.com"
136.158.16.228 - - [09/Dec/2022:09:08:45 -0800] "GET /rbcauayandata/onlineappform/js/jquery351.min.js?ver=561 HTTP/1.1" 200 30913 "https://www.rbcauayan.com/rbcauayandata/onlineappform/Script/Modifyreview.php?ID=aXqG9Yt8dP" "Mozilla/5.0 (Windows NT 10.0; Win64; x64) AppleWebKit/537.36 (KHTML, like Gecko) Chrome/108.0.0.0 Safari/537.36" "www.rbcauayan.com"
136.158.16.228 - - [09/Dec/2022:09:09:03 -0800] "GET /rbcauayandata/onlineappform/Script/CIFQRCode.php?ID=aXqG9Yt8dP HTTP/1.1" 200 8850 "https://www.rbcauayan.com/rbcauayandata/onlineappform/Script/Modifyreview.php?ID=aXqG9Yt8dP" "Mozilla/5.0 (Windows NT 10.0; Win64; x64) AppleWebKit/537.36 (KHTML, like Gecko) Chrome/108.0.0.0 Safari/537.36" "www.rbcauayan.com"
136.158.16.228 - - [09/Dec/2022:09:09:03 -0800] "GET /rbcauayandata/onlineappform/css/bootstrap.min.css?ver=736 HTTP/1.1" 200 23942 "https://www.rbcauayan.com/rbcauayandata/onlineappform/Script/CIFQRCode.php?ID=aXqG9Yt8dP" "Mozilla/5.0 (Windows NT 10.0; Win64; x64) AppleWebKit/537.36 (KHTML, like Gecko) Chrome/108.0.0.0 Safari/537.36" "www.rbcauayan.com"
136.158.16.228 - - [09/Dec/2022:09:09:03 -0800] "GET /rbcauayandata/onlineappform/js/jquery351.min.js?ver=420 HTTP/1.1" 200 30913 "https://www.rbcauayan.com/rbcauayandata/onlineappform/Script/CIFQRCode.php?ID=aXqG9Yt8dP" "Mozilla/5.0 (Windows NT 10.0; Win64; x64) AppleWebKit/537.36 (KHTML, like Gecko) Chrome/108.0.0.0 Safari/537.36" "www.rbcauayan.com"
136.158.16.228 - - [09/Dec/2022:09:09:03 -0800] "GET /rbcauayandata/onlineappform/css/bootstrap3.4.1.min.css?ver=714 HTTP/1.1" 200 19745 "https://www.rbcauayan.com/rbcauayandata/onlineappform/Script/CIFQRCode.php?ID=aXqG9Yt8dP" "Mozilla/5.0 (Windows NT 10.0; Win64; x64) AppleWebKit/537.36 (KHTML, like Gecko) Chrome/108.0.0.0 Safari/537.36" "www.rbcauayan.com"
136.158.16.228 - - [09/Dec/2022:09:09:03 -0800] "GET /rbcauayandata/onlineappform/js/jquery.min.js?ver=834 HTTP/1.1" 200 30913 "https://www.rbcauayan.com/rbcauayandata/onlineappform/Script/CIFQRCode.php?ID=aXqG9Yt8dP" "Mozilla/5.0 (Windows NT 10.0; Win64; x64) AppleWebKit/537.36 (KHTML, like Gecko) Chrome/108.0.0.0 Safari/537.36" "www.rbcauayan.com"
64.124.8.22 - - [09/Dec/2022:09:16:18 -0800] "GET /ssl/loans-smb.html HTTP/1.1" 200 4481 "-" "Mozilla/5.0 (X11; Linux x86_64) AppleWebKit/537.36 (KHTML, like Gecko) Chrome/61.0.3163.79 Safari/537.36" "rbcauayan.com"
64.124.8.36 - - [09/Dec/2022:09:21:49 -0800] "GET /ssl/page-services-2.html HTTP/1.1" 200 4356 "-" "Mozilla/5.0 (X11; Linux x86_64) AppleWebKit/537.36 (KHTML, like Gecko) Chrome/61.0.3163.79 Safari/537.36" "www.rbcauayan.com"
64.124.8.22 - - [09/Dec/2022:09:26:08 -0800] "GET /ssl/news-15.html HTTP/1.1" 200 4836 "-" "Mozilla/5.0 (X11; Linux x86_64) AppleWebKit/537.36 (KHTML, like Gecko) Chrome/61.0.3163.79 Safari/537.36" "rbcauayan.com"
64.124.8.22 - - [09/Dec/2022:09:30:45 -0800] "GET /ssl/ropa.html HTTP/1.1" 200 5170 "-" "Mozilla/5.0 (X11; Linux x86_64) AppleWebKit/537.36 (KHTML, like Gecko) Chrome/61.0.3163.79 Safari/537.36" "rbcauayan.com"
51.222.253.5 - - [09/Dec/2022:09:41:49 -0800] "GET /robots.txt HTTP/1.1" 404 88 "-" "Mozilla/5.0 (compatible; AhrefsBot/7.0; +http://ahrefs.com/robot/)" "rbcauayan.com"
51.222.253.10 - - [09/Dec/2022:09:41:51 -0800] "GET /ssl/Deposit-pension.html HTTP/1.1" 200 4427 "-" "Mozilla/5.0 (compatible; AhrefsBot/7.0; +http://ahrefs.com/robot/)" "rbcauayan.com"
114.119.132.183 - - [09/Dec/2022:09:45:56 -0800] "GET /ssl/news-3.html HTTP/1.1" 200 4816 "https://rbcauayan.com/ssl/news-6.html" "Mozilla/5.0 (Linux; Android 7.0;) AppleWebKit/537.36 (KHTML, like Gecko) Mobile Safari/537.36 (compatible; PetalBot;+https://webmaster.petalsearch.com/site/petalbot)" "rbcauayan.com"
118.184.177.98 - - [09/Dec/2022:09:53:37 -0800] "GET / HTTP/1.1" 200 117 "-" "Sogou web spider/4.0(+http://www.sogou.com/docs/help/webmasters.htm#07)" "www.rbcauayan.com"
118.184.177.98 - - [09/Dec/2022:09:56:49 -0800] "GET /ssl/ HTTP/1.1" 200 8088 "-" "Sogou web spider/4.0(+http://www.sogou.com/docs/help/webmasters.htm#07)" "www.rbcauayan.com"
216.244.66.231 - - [09/Dec/2022:10:01:18 -0800] "GET /robots.txt HTTP/1.1" 404 73 "-" "Mozilla/5.0 (compatible; DotBot/1.2; +https://opensiteexplorer.org/dotbot; help@moz.com)" "rbcauayan.com"
3.128.63.195 - - [09/Dec/2022:10:08:15 -0800] "GET /ssl/career.html HTTP/1.1" 200 5880 "-" "Mozilla/5.0 (Windows NT 10.0; Win64; x64) AppleWebKit/537.36 (KHTML, like Gecko) Chrome/60.0.3112.113 Safari/537.36" "www.rbcauayan.com"
3.128.63.195 - - [09/Dec/2022:10:08:18 -0800] "GET /ssl/career.html HTTP/1.1" 200 5880 "-" "Mozilla/5.0 (Windows NT 10.0; Win64; x64) AppleWebKit/537.36 (KHTML, like Gecko) Chrome/60.0.3112.113 Safari/537.36" "www.rbcauayan.com"
3.128.63.195 - - [09/Dec/2022:10:08:18 -0800] "GET /ssl/career.html HTTP/1.1" 200 5880 "-" "Mozilla/5.0 (Windows NT 10.0; Win64; x64) AppleWebKit/537.36 (KHTML, like Gecko) Chrome/60.0.3112.113 Safari/537.36" "www.rbcauayan.com"
3.128.63.195 - - [09/Dec/2022:10:08:18 -0800] "GET /ssl/career.html HTTP/1.1" 200 5880 "-" "Mozilla/5.0 (Windows NT 10.0; Win64; x64) AppleWebKit/537.36 (KHTML, like Gecko) Chrome/60.0.3112.113 Safari/537.36" "www.rbcauayan.com"
3.128.63.195 - - [09/Dec/2022:10:08:18 -0800] "GET /ssl/career.html HTTP/1.1" 200 5880 "-" "Mozilla/5.0 (Windows NT 10.0; Win64; x64) AppleWebKit/537.36 (KHTML, like Gecko) Chrome/60.0.3112.113 Safari/537.36" "www.rbcauayan.com"
3.128.63.195 - - [09/Dec/2022:10:08:18 -0800] "GET /ssl/career.html HTTP/1.1" 200 5880 "-" "Mozilla/5.0 (Windows NT 10.0; Win64; x64) AppleWebKit/537.36 (KHTML, like Gecko) Chrome/60.0.3112.113 Safari/537.36" "www.rbcauayan.com"
3.128.63.195 - - [09/Dec/2022:10:08:18 -0800] "GET /ssl/career.html HTTP/1.1" 200 5880 "-" "Mozilla/5.0 (Windows NT 10.0; Win64; x64) AppleWebKit/537.36 (KHTML, like Gecko) Chrome/60.0.3112.113 Safari/537.36" "www.rbcauayan.com"
3.128.63.195 - - [09/Dec/2022:10:08:18 -0800] "GET /ssl/career.html HTTP/1.1" 200 5880 "-" "Mozilla/5.0 (Windows NT 10.0; Win64; x64) AppleWebKit/537.36 (KHTML, like Gecko) Chrome/60.0.3112.113 Safari/537.36" "www.rbcauayan.com"
3.128.63.195 - - [09/Dec/2022:10:08:18 -0800] "GET /ssl/career.html HTTP/1.1" 200 5880 "-" "Mozilla/5.0 (Windows NT 10.0; Win64; x64) AppleWebKit/537.36 (KHTML, like Gecko) Chrome/60.0.3112.113 Safari/537.36" "www.rbcauayan.com"
35.183.153.129 - - [09/Dec/2022:10:30:53 -0800] "GET /ssl/career.html HTTP/1.1" 200 5880 "-" "Mozilla/5.0 (Windows NT 10.0; Win64; x64) AppleWebKit/537.36 (KHTML, like Gecko) Chrome/60.0.3112.113 Safari/537.36" "www.rbcauayan.com"
35.183.153.129 - - [09/Dec/2022:10:31:02 -0800] "GET /ssl/career.html HTTP/1.1" 200 5880 "-" "Mozilla/5.0 (Windows NT 10.0; Win64; x64) AppleWebKit/537.36 (KHTML, like Gecko) Chrome/60.0.3112.113 Safari/537.36" "www.rbcauayan.com"
216.244.66.231 - - [09/Dec/2022:10:32:48 -0800] "GET /ssl/images/news/pdic.jpg HTTP/1.1" 200 106048 "-" "Mozilla/5.0 (compatible; DotBot/1.2; +https://opensiteexplorer.org/dotbot; help@moz.com)" "rbcauayan.com"
40.90.217.63 - - [09/Dec/2022:10:39:16 -0800] "GET /ssl/images/bod/SIR%20DANNY.jpg HTTP/1.1" 200 334824 "-" "Mozilla/5.0 (X11; Ubuntu; Linux x86_64; rv:102.0) Gecko/20100101 Firefox/102.0" "www.rbcauayan.com"
185.191.171.13 - - [09/Dec/2022:10:42:14 -0800] "GET /robots.txt HTTP/1.1" 404 88 "-" "Mozilla/5.0 (compatible; SemrushBot/7~bl; +http://www.semrush.com/bot.html)" "rbcauayan.com"
185.191.171.40 - - [09/Dec/2022:10:42:16 -0800] "GET /ssl/Deposit-tcd.html HTTP/1.1" 200 4478 "-" "Mozilla/5.0 (compatible; SemrushBot/7~bl; +http://www.semrush.com/bot.html)" "rbcauayan.com"
77.75.79.119 - - [09/Dec/2022:10:43:04 -0800] "GET /ssl/news-15.html HTTP/1.1" 200 4836 "-" "Mozilla/5.0 (compatible; SeznamBot/4.0-RC1; +http://napoveda.seznam.cz/seznambot-intro/)" "www.rbcauayan.com"
77.75.79.31 - - [09/Dec/2022:10:43:04 -0800] "GET /robots.txt HTTP/1.1" 404 88 "-" "Mozilla/5.0 (compatible; SeznamBot/4.0-RC1; +http://napoveda.seznam.cz/seznambot-intro/)" "www.rbcauayan.com"
216.244.66.231 - - [09/Dec/2022:10:47:02 -0800] "GET /robots.txt HTTP/1.1" 404 73 "-" "Mozilla/5.0 (compatible; DotBot/1.2; +https://opensiteexplorer.org/dotbot; help@moz.com)" "rbcauayan.com"
34.75.168.232 - - [09/Dec/2022:10:48:49 -0800] "GET /robots.txt HTTP/1.1" 404 88 "-" "ZoominfoBot (zoominfobot at zoominfo dot com)" "www.rbcauayan.com"
34.75.168.232 - - [09/Dec/2022:10:48:50 -0800] "GET /robots.txt HTTP/1.1" 404 88 "-" "ZoominfoBot (zoominfobot at zoominfo dot com)" "www.rbcauayan.com"
34.75.168.232 - - [09/Dec/2022:10:48:50 -0800] "GET / HTTP/1.1" 200 117 "-" "ZoominfoBot (zoominfobot at zoominfo dot com)" "www.rbcauayan.com"
40.90.217.131 - - [09/Dec/2022:10:52:38 -0800] "GET /ssl/images/PEN.png HTTP/1.1" 200 136577 "-" "Mozilla/5.0 (Macintosh; Intel Mac OS X 13_0_1) AppleWebKit/537.36 (KHTML, like Gecko) Chrome/108.0.0.0 Safari/537.36 Edg/108.0.1462.46" "www.rbcauayan.com"
64.124.8.30 - - [09/Dec/2022:10:59:52 -0800] "GET /robots.txt HTTP/1.1" 404 88 "-" "Mozilla/5.0 (X11; Linux x86_64) AppleWebKit/537.36 (KHTML, like Gecko) Chrome/61.0.3163.79 Safari/537.36" "rbcauayan.com"
64.124.8.30 - - [09/Dec/2022:10:59:52 -0800] "GET /ssl/Basic-Savings.html HTTP/1.1" 200 4543 "-" "Mozilla/5.0 (X11; Linux x86_64) AppleWebKit/537.36 (KHTML, like Gecko) Chrome/61.0.3163.79 Safari/537.36" "rbcauayan.com"
64.124.8.30 - - [09/Dec/2022:11:00:38 -0800] "GET /ssl/Loans-AgriMasikap.html HTTP/1.1" 200 4461 "-" "Mozilla/5.0 (X11; Linux x86_64) AppleWebKit/537.36 (KHTML, like Gecko) Chrome/61.0.3163.79 Safari/537.36" "rbcauayan.com"
3.128.63.195 - - [09/Dec/2022:11:11:50 -0800] "GET /ssl/career.html HTTP/1.1" 200 5880 "-" "Mozilla/5.0 (Windows NT 10.0; Win64; x64) AppleWebKit/537.36 (KHTML, like Gecko) Chrome/60.0.3112.113 Safari/537.36" "www.rbcauayan.com"
64.124.8.30 - - [09/Dec/2022:11:14:23 -0800] "GET /ssl/news-7.html HTTP/1.1" 200 4794 "-" "Mozilla/5.0 (X11; Linux x86_64) AppleWebKit/537.36 (KHTML, like Gecko) Chrome/61.0.3163.79 Safari/537.36" "rbcauayan.com"
40.77.167.56 - - [09/Dec/2022:11:25:45 -0800] "GET /ssl/images/rbap.png HTTP/1.1" 200 18768 "-" "Mozilla/5.0 (compatible; bingbot/2.0; +http://www.bing.com/bingbot.htm)" "www.rbcauayan.com"
64.124.8.30 - - [09/Dec/2022:11:36:40 -0800] "GET /ssl/page-contact.html HTTP/1.1" 200 5190 "-" "Mozilla/5.0 (X11; Linux x86_64) AppleWebKit/537.36 (KHTML, like Gecko) Chrome/61.0.3163.79 Safari/537.36" "rbcauayan.com"
114.119.134.226 - - [09/Dec/2022:11:37:42 -0800] "GET /robots.txt HTTP/1.1" 404 88 "-" "Mozilla/5.0 (compatible;PetalBot;+https://webmaster.petalsearch.com/site/petalbot)" "rbcauayan.com"
157.55.39.86 - - [09/Dec/2022:11:38:05 -0800] "GET /ssl/images/wais-2.jpg HTTP/1.1" 200 241831 "-" "Mozilla/5.0 (compatible; bingbot/2.0; +http://www.bing.com/bingbot.htm)" "www.rbcauayan.com"
185.191.171.18 - - [09/Dec/2022:11:58:10 -0800] "GET /robots.txt HTTP/1.1" 404 88 "-" "Mozilla/5.0 (compatible; SemrushBot/7~bl; +http://www.semrush.com/bot.html)" "rbcauayan.com"
185.191.171.17 - - [09/Dec/2022:11:58:11 -0800] "GET /ssl/SOLANO.html HTTP/1.1" 200 5055 "-" "Mozilla/5.0 (compatible; SemrushBot/7~bl; +http://www.semrush.com/bot.html)" "rbcauayan.com"
34.75.168.232 - - [09/Dec/2022:11:59:23 -0800] "GET /robots.txt HTTP/1.1" 404 88 "-" "ZoominfoBot (zoominfobot at zoominfo dot com)" "rbcauayan.com"
34.75.168.232 - - [09/Dec/2022:11:59:23 -0800] "GET /robots.txt HTTP/1.1" 404 88 "-" "ZoominfoBot (zoominfobot at zoominfo dot com)" "rbcauayan.com"
34.75.168.232 - - [09/Dec/2022:11:59:23 -0800] "GET / HTTP/1.1" 200 117 "-" "ZoominfoBot (zoominfobot at zoominfo dot com)" "rbcauayan.com"
216.244.66.231 - - [09/Dec/2022:12:18:38 -0800] "GET /robots.txt HTTP/1.1" 404 73 "-" "Mozilla/5.0 (compatible; DotBot/1.2; +https://opensiteexplorer.org/dotbot; help@moz.com)" "rbcauayan.com"
185.191.171.3 - - [09/Dec/2022:12:39:50 -0800] "GET /robots.txt HTTP/1.1" 404 88 "-" "Mozilla/5.0 (compatible; SemrushBot/7~bl; +http://www.semrush.com/bot.html)" "www.rbcauayan.com"
185.191.171.25 - - [09/Dec/2022:12:39:51 -0800] "GET /ssl/Deposit-demand.html HTTP/1.1" 200 4446 "-" "Mozilla/5.0 (compatible; SemrushBot/7~bl; +http://www.semrush.com/bot.html)" "www.rbcauayan.com"
147.78.47.249 - - [09/Dec/2022:13:02:04 -0800] "GET /_ignition/health-check/ HTTP/1.1" 404 88 "http://rbcauayan.com/_ignition/health-check/" "Mozilla/5.0 (Windows NT 10.0; Win64; x64) AppleWebKit/537.36 (KHTML, like Gecko) Chrome/105.0.0.0 Safari/537.36" "rbcauayan.com"
147.78.47.249 - - [09/Dec/2022:13:02:06 -0800] "GET /public/_ignition/health-check/ HTTP/1.1" 404 88 "http://rbcauayan.com/public/_ignition/health-check/" "Mozilla/5.0 (Windows NT 10.0; Win64; x64) AppleWebKit/537.36 (KHTML, like Gecko) Chrome/105.0.0.0 Safari/537.36" "rbcauayan.com"
147.78.47.249 - - [09/Dec/2022:13:02:09 -0800] "GET /wp-includes/wlwmanifest.xml HTTP/1.1" 404 88 "http://rbcauayan.com/wp-includes/wlwmanifest.xml" "Mozilla/5.0 (Windows NT 10.0; Win64; x64) AppleWebKit/537.36 (KHTML, like Gecko) Chrome/105.0.0.0 Safari/537.36" "rbcauayan.com"
185.191.171.13 - - [09/Dec/2022:13:03:59 -0800] "GET /robots.txt HTTP/1.1" 404 88 "-" "Mozilla/5.0 (compatible; SemrushBot/7~bl; +http://www.semrush.com/bot.html)" "rbcauayan.com"
185.191.171.26 - - [09/Dec/2022:13:04:03 -0800] "GET /ssl/index.html HTTP/1.1" 200 8088 "-" "Mozilla/5.0 (compatible; SemrushBot/7~bl; +http://www.semrush.com/bot.html)" "rbcauayan.com"
54.36.148.142 - - [09/Dec/2022:13:16:42 -0800] "GET /robots.txt HTTP/1.1" 404 88 "-" "Mozilla/5.0 (compatible; AhrefsBot/7.0; +http://ahrefs.com/robot/)" "www.rbcauayan.com"
51.222.253.8 - - [09/Dec/2022:13:16:43 -0800] "GET / HTTP/1.1" 200 117 "-" "Mozilla/5.0 (compatible; AhrefsBot/7.0; +http://ahrefs.com/robot/)" "www.rbcauayan.com"
66.249.66.215 - - [09/Dec/2022:13:40:36 -0800] "GET /@rbcauayan.com/ssl/images/iconrb.png HTTP/1.1" 200 3626 "-" "Googlebot-Image/1.0" "p9.secure.hostingprod.com"
216.244.66.231 - - [09/Dec/2022:13:51:11 -0800] "GET /robots.txt HTTP/1.1" 404 73 "-" "Mozilla/5.0 (compatible; DotBot/1.2; +https://opensiteexplorer.org/dotbot; help@moz.com)" "www.rbcauayan.com"
185.191.171.19 - - [09/Dec/2022:13:56:57 -0800] "GET /robots.txt HTTP/1.1" 404 88 "-" "Mozilla/5.0 (compatible; SemrushBot/7~bl; +http://www.semrush.com/bot.html)" "www.rbcauayan.com"
185.191.171.11 - - [09/Dec/2022:13:56:57 -0800] "GET /ssl/news-covid.html HTTP/1.1" 200 4678 "-" "Mozilla/5.0 (compatible; SemrushBot/7~bl; +http://www.semrush.com/bot.html)" "www.rbcauayan.com"
40.77.167.56 - - [09/Dec/2022:14:10:34 -0800] "GET /ORS/ HTTP/1.1" 200 354 "-" "Mozilla/5.0 (compatible; bingbot/2.0; +http://www.bing.com/bingbot.htm)" "rbcauayan.com"
61.135.159.142 - - [09/Dec/2022:14:18:20 -0800] "GET / HTTP/1.1" 200 117 "-" "Sogou web spider/4.0(+http://www.sogou.com/docs/help/webmasters.htm#07)" "www.rbcauayan.com"
61.135.159.125 - - [09/Dec/2022:14:18:21 -0800] "GET /ssl/ HTTP/1.1" 200 8088 "-" "Sogou web spider/4.0(+http://www.sogou.com/docs/help/webmasters.htm#07)" "www.rbcauayan.com"
77.75.79.31 - - [09/Dec/2022:14:21:47 -0800] "GET /ssl/Deposit-student.html HTTP/1.1" 200 4453 "-" "Mozilla/5.0 (compatible; SeznamBot/4.0-RC1; +http://napoveda.seznam.cz/seznambot-intro/)" "www.rbcauayan.com"
157.55.39.86 - - [09/Dec/2022:14:24:42 -0800] "GET /ssl/page-services-2.html HTTP/1.1" 200 4356 "-" "Mozilla/5.0 (compatible; bingbot/2.0; +http://www.bing.com/bingbot.htm)" "www.rbcauayan.com"
157.55.39.198 - - [09/Dec/2022:14:24:54 -0800] "GET /ssl/ropa.html HTTP/1.1" 200 5170 "-" "Mozilla/5.0 (compatible; bingbot/2.0; +http://www.bing.com/bingbot.htm)" "www.rbcauayan.com"
64.124.8.52 - - [09/Dec/2022:14:31:33 -0800] "GET /robots.txt HTTP/1.1" 404 88 "-" "Mozilla/5.0 (X11; Linux x86_64) AppleWebKit/537.36 (KHTML, like Gecko) Chrome/61.0.3163.79 Safari/537.36" "rbcauayan.com"
64.124.8.52 - - [09/Dec/2022:14:31:33 -0800] "GET /ssl/Basic-Savings.html HTTP/1.1" 200 4543 "-" "Mozilla/5.0 (X11; Linux x86_64) AppleWebKit/537.36 (KHTML, like Gecko) Chrome/61.0.3163.79 Safari/537.36" "rbcauayan.com"
185.191.171.19 - - [09/Dec/2022:14:35:32 -0800] "GET /robots.txt HTTP/1.1" 404 88 "-" "Mozilla/5.0 (compatible; SemrushBot/7~bl; +http://www.semrush.com/bot.html)" "rbcauayan.com"
185.191.171.44 - - [09/Dec/2022:14:35:32 -0800] "GET /ssl/news-6.html HTTP/1.1" 200 4770 "-" "Mozilla/5.0 (compatible; SemrushBot/7~bl; +http://www.semrush.com/bot.html)" "rbcauayan.com"
64.124.8.52 - - [09/Dec/2022:14:36:59 -0800] "GET /ssl/other-moneygram.html HTTP/1.1" 200 4148 "-" "Mozilla/5.0 (X11; Linux x86_64) AppleWebKit/537.36 (KHTML, like Gecko) Chrome/61.0.3163.79 Safari/537.36" "rbcauayan.com"
216.244.66.231 - - [09/Dec/2022:14:37:07 -0800] "GET /robots.txt HTTP/1.1" 404 73 "-" "Mozilla/5.0 (compatible; DotBot/1.2; +https://opensiteexplorer.org/dotbot; help@moz.com)" "rbcauayan.com"
216.244.66.231 - - [09/Dec/2022:14:37:07 -0800] "GET /robots.txt HTTP/1.1" 404 73 "-" "Mozilla/5.0 (compatible; DotBot/1.2; +https://opensiteexplorer.org/dotbot; help@moz.com)" "www.rbcauayan.com"
77.75.79.31 - - [09/Dec/2022:14:40:15 -0800] "GET /ssl/Deposit-pension.html HTTP/1.1" 304 - "-" "Mozilla/5.0 (compatible; SeznamBot/4.0-RC1; +http://napoveda.seznam.cz/seznambot-intro/)" "www.rbcauayan.com"
157.55.39.198 - - [09/Dec/2022:14:42:16 -0800] "GET /ssl/news-5.html HTTP/1.1" 200 4827 "-" "Mozilla/5.0 (compatible; bingbot/2.0; +http://www.bing.com/bingbot.htm)" "www.rbcauayan.com"
64.124.8.52 - - [09/Dec/2022:14:43:37 -0800] "GET /ssl/Deposit-tcd.html HTTP/1.1" 200 4478 "-" "Mozilla/5.0 (X11; Linux x86_64) AppleWebKit/537.36 (KHTML, like Gecko) Chrome/61.0.3163.79 Safari/537.36" "rbcauayan.com"
185.191.171.33 - - [09/Dec/2022:14:52:02 -0800] "GET /ssl/Loan-Salary.html HTTP/1.1" 200 4446 "-" "Mozilla/5.0 (compatible; SemrushBot/7~bl; +http://www.semrush.com/bot.html)" "www.rbcauayan.com"
185.191.171.3 - - [09/Dec/2022:15:02:36 -0800] "GET /ssl/page-services-3.html HTTP/1.1" 200 4285 "-" "Mozilla/5.0 (compatible; SemrushBot/7~bl; +http://www.semrush.com/bot.html)" "rbcauayan.com"
