112.200.172.225 - - [23/Oct/2022:14:31:05 -0700] "GET /ssl/images/rcbc.png HTTP/1.1" 200 14814 "https://www.rbcauayan.com/ssl/page-contact.html" "Mozilla/5.0 (Linux; Android 8.1.0; CPH1909) AppleWebKit/537.36 (KHTML, like Gecko) Chrome/106.0.0.0 Mobile Safari/537.36" "www.rbcauayan.com"
112.200.172.225 - - [23/Oct/2022:14:31:05 -0700] "GET /ssl/plugins/owl-carousel/owl.carousel.js HTTP/1.1" 200 8751 "https://www.rbcauayan.com/ssl/page-contact.html" "Mozilla/5.0 (Linux; Android 8.1.0; CPH1909) AppleWebKit/537.36 (KHTML, like Gecko) Chrome/106.0.0.0 Mobile Safari/537.36" "www.rbcauayan.com"
112.200.172.225 - - [23/Oct/2022:14:31:05 -0700] "GET /ssl/plugins/isotope/isotope.pkgd.min.js HTTP/1.1" 200 9714 "https://www.rbcauayan.com/ssl/page-contact.html" "Mozilla/5.0 (Linux; Android 8.1.0; CPH1909) AppleWebKit/537.36 (KHTML, like Gecko) Chrome/106.0.0.0 Mobile Safari/537.36" "www.rbcauayan.com"
112.200.172.225 - - [23/Oct/2022:14:31:06 -0700] "GET /ssl/images/ccvrb.png HTTP/1.1" 200 20688 "https://www.rbcauayan.com/ssl/page-contact.html" "Mozilla/5.0 (Linux; Android 8.1.0; CPH1909) AppleWebKit/537.36 (KHTML, like Gecko) Chrome/106.0.0.0 Mobile Safari/537.36" "www.rbcauayan.com"
112.200.172.225 - - [23/Oct/2022:14:31:06 -0700] "GET /ssl/images/gallery-2.png HTTP/1.1" 200 54026 "https://www.rbcauayan.com/ssl/page-contact.html" "Mozilla/5.0 (Linux; Android 8.1.0; CPH1909) AppleWebKit/537.36 (KHTML, like Gecko) Chrome/106.0.0.0 Mobile Safari/537.36" "www.rbcauayan.com"
112.200.172.225 - - [23/Oct/2022:14:31:06 -0700] "GET /ssl/images/baguio-1.jpg HTTP/1.1" 200 69273 "https://www.rbcauayan.com/ssl/page-contact.html" "Mozilla/5.0 (Linux; Android 8.1.0; CPH1909) AppleWebKit/537.36 (KHTML, like Gecko) Chrome/106.0.0.0 Mobile Safari/537.36" "www.rbcauayan.com"
112.200.172.225 - - [23/Oct/2022:14:31:06 -0700] "GET /ssl/images/logo7.png HTTP/1.1" 200 8851 "https://www.rbcauayan.com/ssl/page-contact.html" "Mozilla/5.0 (Linux; Android 8.1.0; CPH1909) AppleWebKit/537.36 (KHTML, like Gecko) Chrome/106.0.0.0 Mobile Safari/537.36" "www.rbcauayan.com"
112.200.172.225 - - [23/Oct/2022:14:31:06 -0700] "GET /ssl/images/gallery-4.png HTTP/1.1" 200 67502 "https://www.rbcauayan.com/ssl/page-contact.html" "Mozilla/5.0 (Linux; Android 8.1.0; CPH1909) AppleWebKit/537.36 (KHTML, like Gecko) Chrome/106.0.0.0 Mobile Safari/537.36" "www.rbcauayan.com"
112.200.172.225 - - [23/Oct/2022:14:31:06 -0700] "GET /ssl/images/pdic1.png HTTP/1.1" 200 42862 "https://www.rbcauayan.com/ssl/page-contact.html" "Mozilla/5.0 (Linux; Android 8.1.0; CPH1909) AppleWebKit/537.36 (KHTML, like Gecko) Chrome/106.0.0.0 Mobile Safari/537.36" "www.rbcauayan.com"
112.200.172.225 - - [23/Oct/2022:14:31:06 -0700] "GET /ssl/images/gallery-2s.jpg HTTP/1.1" 200 66138 "https://www.rbcauayan.com/ssl/page-contact.html" "Mozilla/5.0 (Linux; Android 8.1.0; CPH1909) AppleWebKit/537.36 (KHTML, like Gecko) Chrome/106.0.0.0 Mobile Safari/537.36" "www.rbcauayan.com"
112.200.172.225 - - [23/Oct/2022:14:31:06 -0700] "GET /ssl/images/wais-1.jpg HTTP/1.1" 200 49015 "https://www.rbcauayan.com/ssl/page-contact.html" "Mozilla/5.0 (Linux; Android 8.1.0; CPH1909) AppleWebKit/537.36 (KHTML, like Gecko) Chrome/106.0.0.0 Mobile Safari/537.36" "www.rbcauayan.com"
112.200.172.225 - - [23/Oct/2022:14:31:06 -0700] "GET /ssl/images/gallery-1.png HTTP/1.1" 200 23661 "https://www.rbcauayan.com/ssl/page-contact.html" "Mozilla/5.0 (Linux; Android 8.1.0; CPH1909) AppleWebKit/537.36 (KHTML, like Gecko) Chrome/106.0.0.0 Mobile Safari/537.36" "www.rbcauayan.com"
112.200.172.225 - - [23/Oct/2022:14:31:06 -0700] "GET /ssl/images/jobfair15.jpg HTTP/1.1" 200 55073 "https://www.rbcauayan.com/ssl/page-contact.html" "Mozilla/5.0 (Linux; Android 8.1.0; CPH1909) AppleWebKit/537.36 (KHTML, like Gecko) Chrome/106.0.0.0 Mobile Safari/537.36" "www.rbcauayan.com"
112.200.172.225 - - [23/Oct/2022:14:31:06 -0700] "GET /ssl/images/gallery-3.png HTTP/1.1" 200 57997 "https://www.rbcauayan.com/ssl/page-contact.html" "Mozilla/5.0 (Linux; Android 8.1.0; CPH1909) AppleWebKit/537.36 (KHTML, like Gecko) Chrome/106.0.0.0 Mobile Safari/537.36" "www.rbcauayan.com"
112.200.172.225 - - [23/Oct/2022:14:31:06 -0700] "GET /ssl/css/animate.css HTTP/1.1" 200 4602 "https://www.rbcauayan.com/ssl/css/animations.css" "Mozilla/5.0 (Linux; Android 8.1.0; CPH1909) AppleWebKit/537.36 (KHTML, like Gecko) Chrome/106.0.0.0 Mobile Safari/537.36" "www.rbcauayan.com"
112.200.172.225 - - [23/Oct/2022:14:31:06 -0700] "GET /ssl/images/gallery-6.png HTTP/1.1" 200 48151 "https://www.rbcauayan.com/ssl/page-contact.html" "Mozilla/5.0 (Linux; Android 8.1.0; CPH1909) AppleWebKit/537.36 (KHTML, like Gecko) Chrome/106.0.0.0 Mobile Safari/537.36" "www.rbcauayan.com"
112.200.172.225 - - [23/Oct/2022:14:31:13 -0700] "GET /ssl/fonts/font-awesome/fonts/fontawesome-webfont.woff2?v=4.3.0 HTTP/1.1" 200 56780 "https://www.rbcauayan.com/ssl/fonts/font-awesome/css/font-awesome.css" "Mozilla/5.0 (Linux; Android 8.1.0; CPH1909) AppleWebKit/537.36 (KHTML, like Gecko) Chrome/106.0.0.0 Mobile Safari/537.36" "www.rbcauayan.com"
112.200.172.225 - - [23/Oct/2022:14:31:14 -0700] "GET /ssl/images/iconrb.png HTTP/1.1" 200 3626 "https://www.rbcauayan.com/ssl/page-contact.html" "Mozilla/5.0 (Linux; Android 8.1.0; CPH1909) AppleWebKit/537.36 (KHTML, like Gecko) Chrome/106.0.0.0 Mobile Safari/537.36" "www.rbcauayan.com"
112.200.172.225 - - [23/Oct/2022:14:31:21 -0700] "GET /ssl/fonts/fontello/font/fontello.woff?705405 HTTP/1.1" 200 40308 "https://www.rbcauayan.com/ssl/fonts/fontello/css/fontello.css" "Mozilla/5.0 (Linux; Android 8.1.0; CPH1909) AppleWebKit/537.36 (KHTML, like Gecko) Chrome/106.0.0.0 Mobile Safari/537.36" "www.rbcauayan.com"
112.200.172.225 - - [23/Oct/2022:14:32:10 -0700] "POST /ssl/form-to-email.php HTTP/1.1" 302 1 "https://www.rbcauayan.com/ssl/page-contact.html" "Mozilla/5.0 (Linux; Android 8.1.0; CPH1909) AppleWebKit/537.36 (KHTML, like Gecko) Chrome/106.0.0.0 Mobile Safari/537.36" "www.rbcauayan.com"
112.200.172.225 - - [23/Oct/2022:14:32:11 -0700] "GET /ssl/validation.html HTTP/1.1" 200 3044 "https://www.rbcauayan.com/ssl/page-contact.html" "Mozilla/5.0 (Linux; Android 8.1.0; CPH1909) AppleWebKit/537.36 (KHTML, like Gecko) Chrome/106.0.0.0 Mobile Safari/537.36" "www.rbcauayan.com"
112.200.172.225 - - [23/Oct/2022:14:32:12 -0700] "GET /ssl/2018%20RB%20CAUAYAN%20MAGKUMPARE.ogg HTTP/1.1" 404 73 "https://www.rbcauayan.com/ssl/validation.html" "Mozilla/5.0 (Linux; Android 8.1.0; CPH1909) AppleWebKit/537.36 (KHTML, like Gecko) Chrome/106.0.0.0 Mobile Safari/537.36" "www.rbcauayan.com"
112.200.172.225 - - [23/Oct/2022:14:32:12 -0700] "GET /ssl/2018%20RB%20CAUAYAN%20MAGKUMPARE.mp3 HTTP/1.1" 206 1452408 "https://www.rbcauayan.com/ssl/validation.html" "Mozilla/5.0 (Linux; Android 8.1.0; CPH1909) AppleWebKit/537.36 (KHTML, like Gecko) Chrome/106.0.0.0 Mobile Safari/537.36" "www.rbcauayan.com"
112.200.172.225 - - [23/Oct/2022:14:32:16 -0700] "GET /ssl/index.html HTTP/1.1" 200 8059 "https://www.rbcauayan.com/ssl/validation.html" "Mozilla/5.0 (Linux; Android 8.1.0; CPH1909) AppleWebKit/537.36 (KHTML, like Gecko) Chrome/106.0.0.0 Mobile Safari/537.36" "www.rbcauayan.com"
112.200.172.225 - - [23/Oct/2022:14:32:19 -0700] "GET /ssl/images/qa.png HTTP/1.1" 200 260402 "https://www.rbcauayan.com/ssl/index.html" "Mozilla/5.0 (Linux; Android 8.1.0; CPH1909) AppleWebKit/537.36 (KHTML, like Gecko) Chrome/106.0.0.0 Mobile Safari/537.36" "www.rbcauayan.com"
112.200.172.225 - - [23/Oct/2022:14:32:19 -0700] "GET /ssl/images/rcbg2.jpg HTTP/1.1" 200 806834 "https://www.rbcauayan.com/ssl/index.html" "Mozilla/5.0 (Linux; Android 8.1.0; CPH1909) AppleWebKit/537.36 (KHTML, like Gecko) Chrome/106.0.0.0 Mobile Safari/537.36" "www.rbcauayan.com"
202.90.152.68 - - [23/Oct/2022:14:32:19 -0700] "GET /ssl/validation.html HTTP/1.1" 200 3044 "https://www.google.com/" "Mozilla/5.0 (Linux; Android 11; RMX3231) AppleWebKit/537.36 (KHTML, like Gecko) Chrome/105.0.0.0 Mobile Safari/537.36" "www.rbcauayan.com"
112.200.172.225 - - [23/Oct/2022:14:32:19 -0700] "GET /ssl/plugins/jquery.min.js HTTP/1.1" 200 33225 "https://www.rbcauayan.com/ssl/index.html" "Mozilla/5.0 (Linux; Android 8.1.0; CPH1909) AppleWebKit/537.36 (KHTML, like Gecko) Chrome/106.0.0.0 Mobile Safari/537.36" "www.rbcauayan.com"
112.200.172.225 - - [23/Oct/2022:14:32:19 -0700] "GET /ssl/images/pdic.jpg HTTP/1.1" 200 67636 "https://www.rbcauayan.com/ssl/index.html" "Mozilla/5.0 (Linux; Android 8.1.0; CPH1909) AppleWebKit/537.36 (KHTML, like Gecko) Chrome/106.0.0.0 Mobile Safari/537.36" "www.rbcauayan.com"
112.200.172.225 - - [23/Oct/2022:14:32:19 -0700] "GET /ssl/images/bsp.png HTTP/1.1" 200 17110 "https://www.rbcauayan.com/ssl/index.html" "Mozilla/5.0 (Linux; Android 8.1.0; CPH1909) AppleWebKit/537.36 (KHTML, like Gecko) Chrome/106.0.0.0 Mobile Safari/537.36" "www.rbcauayan.com"
112.200.172.225 - - [23/Oct/2022:14:32:19 -0700] "GET /ssl/images/jobfair2019.jpg HTTP/1.1" 200 931951 "https://www.rbcauayan.com/ssl/index.html" "Mozilla/5.0 (Linux; Android 8.1.0; CPH1909) AppleWebKit/537.36 (KHTML, like Gecko) Chrome/106.0.0.0 Mobile Safari/537.36" "www.rbcauayan.com"
112.200.172.225 - - [23/Oct/2022:14:32:19 -0700] "GET /ssl/plugins/rs-plugin/js/jquery.themepunch.revolution.min.js HTTP/1.1" 200 25624 "https://www.rbcauayan.com/ssl/index.html" "Mozilla/5.0 (Linux; Android 8.1.0; CPH1909) AppleWebKit/537.36 (KHTML, like Gecko) Chrome/106.0.0.0 Mobile Safari/537.36" "www.rbcauayan.com"
112.200.172.225 - - [23/Oct/2022:14:32:19 -0700] "GET /ssl/plugins/rs-plugin/js/jquery.themepunch.tools.min.js HTTP/1.1" 200 32593 "https://www.rbcauayan.com/ssl/index.html" "Mozilla/5.0 (Linux; Android 8.1.0; CPH1909) AppleWebKit/537.36 (KHTML, like Gecko) Chrome/106.0.0.0 Mobile Safari/537.36" "www.rbcauayan.com"
112.200.172.225 - - [23/Oct/2022:14:32:19 -0700] "GET /ssl/images/carousel-6.jpg HTTP/1.1" 200 491819 "https://www.rbcauayan.com/ssl/index.html" "Mozilla/5.0 (Linux; Android 8.1.0; CPH1909) AppleWebKit/537.36 (KHTML, like Gecko) Chrome/106.0.0.0 Mobile Safari/537.36" "www.rbcauayan.com"
112.200.172.225 - - [23/Oct/2022:14:32:19 -0700] "GET /ssl/images/50years.jpg HTTP/1.1" 200 4211617 "https://www.rbcauayan.com/ssl/index.html" "Mozilla/5.0 (Linux; Android 8.1.0; CPH1909) AppleWebKit/537.36 (KHTML, like Gecko) Chrome/106.0.0.0 Mobile Safari/537.36" "www.rbcauayan.com"
112.200.172.225 - - [23/Oct/2022:14:32:19 -0700] "GET /ssl/2018%20RB%20CAUAYAN%20MAGKUMPARE.ogg HTTP/1.1" 404 73 "https://www.rbcauayan.com/ssl/index.html" "Mozilla/5.0 (Linux; Android 8.1.0; CPH1909) AppleWebKit/537.36 (KHTML, like Gecko) Chrome/106.0.0.0 Mobile Safari/537.36" "www.rbcauayan.com"
112.200.172.225 - - [23/Oct/2022:14:32:19 -0700] "GET /ssl/images/parallax-bg-3.jpg HTTP/1.1" 200 185216 "https://www.rbcauayan.com/ssl/css/style.css" "Mozilla/5.0 (Linux; Android 8.1.0; CPH1909) AppleWebKit/537.36 (KHTML, like Gecko) Chrome/106.0.0.0 Mobile Safari/537.36" "www.rbcauayan.com"
112.200.172.225 - - [23/Oct/2022:14:32:19 -0700] "GET /ssl/images/news/sol.jpg HTTP/1.1" 200 1280986 "https://www.rbcauayan.com/ssl/index.html" "Mozilla/5.0 (Linux; Android 8.1.0; CPH1909) AppleWebKit/537.36 (KHTML, like Gecko) Chrome/106.0.0.0 Mobile Safari/537.36" "www.rbcauayan.com"
112.200.172.225 - - [23/Oct/2022:14:32:19 -0700] "GET /ssl/images/news/cordon.jpg HTTP/1.1" 200 4296911 "https://www.rbcauayan.com/ssl/index.html" "Mozilla/5.0 (Linux; Android 8.1.0; CPH1909) AppleWebKit/537.36 (KHTML, like Gecko) Chrome/106.0.0.0 Mobile Safari/537.36" "www.rbcauayan.com"
112.200.172.225 - - [23/Oct/2022:14:32:19 -0700] "GET /ssl/images/news/aurora.jpg HTTP/1.1" 200 3027296 "https://www.rbcauayan.com/ssl/index.html" "Mozilla/5.0 (Linux; Android 8.1.0; CPH1909) AppleWebKit/537.36 (KHTML, like Gecko) Chrome/106.0.0.0 Mobile Safari/537.36" "www.rbcauayan.com"
112.200.172.225 - - [23/Oct/2022:14:32:19 -0700] "GET /ssl/images/news/gawadpo.jpg HTTP/1.1" 200 3797786 "https://www.rbcauayan.com/ssl/index.html" "Mozilla/5.0 (Linux; Android 8.1.0; CPH1909) AppleWebKit/537.36 (KHTML, like Gecko) Chrome/106.0.0.0 Mobile Safari/537.36" "www.rbcauayan.com"
202.90.152.68 - - [23/Oct/2022:14:32:21 -0700] "GET /ssl/bootstrap/css/bootstrap.css HTTP/1.1" 200 20804 "https://www.rbcauayan.com/ssl/validation.html" "Mozilla/5.0 (Linux; Android 11; RMX3231) AppleWebKit/537.36 (KHTML, like Gecko) Chrome/105.0.0.0 Mobile Safari/537.36" "www.rbcauayan.com"
202.90.152.68 - - [23/Oct/2022:14:32:21 -0700] "GET /ssl/fonts/fontello/css/fontello.css HTTP/1.1" 200 3613 "https://www.rbcauayan.com/ssl/validation.html" "Mozilla/5.0 (Linux; Android 11; RMX3231) AppleWebKit/537.36 (KHTML, like Gecko) Chrome/105.0.0.0 Mobile Safari/537.36" "www.rbcauayan.com"
202.90.152.68 - - [23/Oct/2022:14:32:21 -0700] "GET /ssl/fonts/font-awesome/css/font-awesome.css HTTP/1.1" 200 5745 "https://www.rbcauayan.com/ssl/validation.html" "Mozilla/5.0 (Linux; Android 11; RMX3231) AppleWebKit/537.36 (KHTML, like Gecko) Chrome/105.0.0.0 Mobile Safari/537.36" "www.rbcauayan.com"
202.90.152.68 - - [23/Oct/2022:14:32:21 -0700] "GET /ssl/plugins/rs-plugin/css/settings.css HTTP/1.1" 200 10306 "https://www.rbcauayan.com/ssl/validation.html" "Mozilla/5.0 (Linux; Android 11; RMX3231) AppleWebKit/537.36 (KHTML, like Gecko) Chrome/105.0.0.0 Mobile Safari/537.36" "www.rbcauayan.com"
202.90.152.68 - - [23/Oct/2022:14:32:21 -0700] "GET /ssl/plugins/rs-plugin/css/extralayers.css HTTP/1.1" 200 2959 "https://www.rbcauayan.com/ssl/validation.html" "Mozilla/5.0 (Linux; Android 11; RMX3231) AppleWebKit/537.36 (KHTML, like Gecko) Chrome/105.0.0.0 Mobile Safari/537.36" "www.rbcauayan.com"
202.90.152.68 - - [23/Oct/2022:14:32:21 -0700] "GET /ssl/plugins/magnific-popup/magnific-popup.css HTTP/1.1" 200 1950 "https://www.rbcauayan.com/ssl/validation.html" "Mozilla/5.0 (Linux; Android 11; RMX3231) AppleWebKit/537.36 (KHTML, like Gecko) Chrome/105.0.0.0 Mobile Safari/537.36" "www.rbcauayan.com"
112.200.172.225 - - [23/Oct/2022:14:32:23 -0700] "GET /ssl/2018%20RB%20CAUAYAN%20MAGKUMPARE.ogg HTTP/1.1" 404 73 "https://www.rbcauayan.com/ssl/validation.html" "Mozilla/5.0 (Linux; Android 8.1.0; CPH1909) AppleWebKit/537.36 (KHTML, like Gecko) Chrome/106.0.0.0 Mobile Safari/537.36" "www.rbcauayan.com"
202.90.152.68 - - [23/Oct/2022:14:32:24 -0700] "GET /ssl/css/animations.css HTTP/1.1" 200 570 "https://www.rbcauayan.com/ssl/validation.html" "Mozilla/5.0 (Linux; Android 11; RMX3231) AppleWebKit/537.36 (KHTML, like Gecko) Chrome/105.0.0.0 Mobile Safari/537.36" "www.rbcauayan.com"
202.90.152.68 - - [23/Oct/2022:14:32:24 -0700] "GET /ssl/plugins/owl-carousel/owl.carousel.css HTTP/1.1" 200 528 "https://www.rbcauayan.com/ssl/validation.html" "Mozilla/5.0 (Linux; Android 11; RMX3231) AppleWebKit/537.36 (KHTML, like Gecko) Chrome/105.0.0.0 Mobile Safari/537.36" "www.rbcauayan.com"
202.90.152.68 - - [23/Oct/2022:14:32:24 -0700] "GET /ssl/css/skins/blue.css HTTP/1.1" 200 2396 "https://www.rbcauayan.com/ssl/validation.html" "Mozilla/5.0 (Linux; Android 11; RMX3231) AppleWebKit/537.36 (KHTML, like Gecko) Chrome/105.0.0.0 Mobile Safari/537.36" "www.rbcauayan.com"
202.90.152.68 - - [23/Oct/2022:14:32:24 -0700] "GET /ssl/css/custom.css HTTP/1.1" 200 220 "https://www.rbcauayan.com/ssl/validation.html" "Mozilla/5.0 (Linux; Android 11; RMX3231) AppleWebKit/537.36 (KHTML, like Gecko) Chrome/105.0.0.0 Mobile Safari/537.36" "www.rbcauayan.com"
202.90.152.68 - - [23/Oct/2022:14:32:24 -0700] "GET /ssl/css/style.css HTTP/1.1" 200 20180 "https://www.rbcauayan.com/ssl/validation.html" "Mozilla/5.0 (Linux; Android 11; RMX3231) AppleWebKit/537.36 (KHTML, like Gecko) Chrome/105.0.0.0 Mobile Safari/537.36" "www.rbcauayan.com"
202.90.152.68 - - [23/Oct/2022:14:32:24 -0700] "GET /ssl/plugins/jquery.js HTTP/1.1" 200 84236 "https://www.rbcauayan.com/ssl/validation.html" "Mozilla/5.0 (Linux; Android 11; RMX3231) AppleWebKit/537.36 (KHTML, like Gecko) Chrome/105.0.0.0 Mobile Safari/537.36" "www.rbcauayan.com"
112.200.172.225 - - [23/Oct/2022:14:32:24 -0700] "GET /ssl/page-contact.html HTTP/1.1" 200 5190 "https://www.google.com/" "Mozilla/5.0 (Linux; Android 8.1.0; CPH1909) AppleWebKit/537.36 (KHTML, like Gecko) Chrome/106.0.0.0 Mobile Safari/537.36" "www.rbcauayan.com"
209.146.16.4 - - [23/Oct/2022:14:32:25 -0700] "GET /ssl/index.html HTTP/1.1" 200 8059 "https://www.google.com/" "Mozilla/5.0 (Linux; Android 12; CPH2203) AppleWebKit/537.36 (KHTML, like Gecko) Chrome/105.0.0.0 Mobile Safari/537.36" "www.rbcauayan.com"
202.90.152.68 - - [23/Oct/2022:14:32:26 -0700] "GET /ssl/plugins/isotope/isotope.pkgd.min.js HTTP/1.1" 200 9714 "https://www.rbcauayan.com/ssl/validation.html" "Mozilla/5.0 (Linux; Android 11; RMX3231) AppleWebKit/537.36 (KHTML, like Gecko) Chrome/105.0.0.0 Mobile Safari/537.36" "www.rbcauayan.com"
202.90.152.68 - - [23/Oct/2022:14:32:26 -0700] "GET /ssl/plugins/modernizr.js HTTP/1.1" 200 4173 "https://www.rbcauayan.com/ssl/validation.html" "Mozilla/5.0 (Linux; Android 11; RMX3231) AppleWebKit/537.36 (KHTML, like Gecko) Chrome/105.0.0.0 Mobile Safari/537.36" "www.rbcauayan.com"
202.90.152.68 - - [23/Oct/2022:14:32:26 -0700] "GET /ssl/css/animate.css HTTP/1.1" 200 4602 "https://www.rbcauayan.com/ssl/css/animations.css" "Mozilla/5.0 (Linux; Android 11; RMX3231) AppleWebKit/537.36 (KHTML, like Gecko) Chrome/105.0.0.0 Mobile Safari/537.36" "www.rbcauayan.com"
202.90.152.68 - - [23/Oct/2022:14:32:26 -0700] "GET /ssl/bootstrap/js/bootstrap.min.js HTTP/1.1" 200 9539 "https://www.rbcauayan.com/ssl/validation.html" "Mozilla/5.0 (Linux; Android 11; RMX3231) AppleWebKit/537.36 (KHTML, like Gecko) Chrome/105.0.0.0 Mobile Safari/537.36" "www.rbcauayan.com"
209.146.16.4 - - [23/Oct/2022:14:32:26 -0700] "GET /ssl/plugins/rs-plugin/css/settings.css HTTP/1.1" 200 10306 "https://www.rbcauayan.com/ssl/index.html" "Mozilla/5.0 (Linux; Android 12; CPH2203) AppleWebKit/537.36 (KHTML, like Gecko) Chrome/105.0.0.0 Mobile Safari/537.36" "www.rbcauayan.com"
202.90.152.68 - - [23/Oct/2022:14:32:26 -0700] "GET /ssl/plugins/owl-carousel/owl.carousel.js HTTP/1.1" 200 8751 "https://www.rbcauayan.com/ssl/validation.html" "Mozilla/5.0 (Linux; Android 11; RMX3231) AppleWebKit/537.36 (KHTML, like Gecko) Chrome/105.0.0.0 Mobile Safari/537.36" "www.rbcauayan.com"
209.146.16.4 - - [23/Oct/2022:14:32:26 -0700] "GET /ssl/fonts/font-awesome/css/font-awesome.css HTTP/1.1" 200 5745 "https://www.rbcauayan.com/ssl/index.html" "Mozilla/5.0 (Linux; Android 12; CPH2203) AppleWebKit/537.36 (KHTML, like Gecko) Chrome/105.0.0.0 Mobile Safari/537.36" "www.rbcauayan.com"
209.146.16.4 - - [23/Oct/2022:14:32:26 -0700] "GET /ssl/plugins/rs-plugin/css/extralayers.css HTTP/1.1" 200 2959 "https://www.rbcauayan.com/ssl/index.html" "Mozilla/5.0 (Linux; Android 12; CPH2203) AppleWebKit/537.36 (KHTML, like Gecko) Chrome/105.0.0.0 Mobile Safari/537.36" "www.rbcauayan.com"
209.146.16.4 - - [23/Oct/2022:14:32:26 -0700] "GET /ssl/fonts/fontello/css/fontello.css HTTP/1.1" 200 3613 "https://www.rbcauayan.com/ssl/index.html" "Mozilla/5.0 (Linux; Android 12; CPH2203) AppleWebKit/537.36 (KHTML, like Gecko) Chrome/105.0.0.0 Mobile Safari/537.36" "www.rbcauayan.com"
209.146.16.4 - - [23/Oct/2022:14:32:26 -0700] "GET /ssl/plugins/magnific-popup/magnific-popup.css HTTP/1.1" 200 1950 "https://www.rbcauayan.com/ssl/index.html" "Mozilla/5.0 (Linux; Android 12; CPH2203) AppleWebKit/537.36 (KHTML, like Gecko) Chrome/105.0.0.0 Mobile Safari/537.36" "www.rbcauayan.com"
209.146.16.4 - - [23/Oct/2022:14:32:27 -0700] "GET /ssl/bootstrap/css/bootstrap.css HTTP/1.1" 200 20804 "https://www.rbcauayan.com/ssl/index.html" "Mozilla/5.0 (Linux; Android 12; CPH2203) AppleWebKit/537.36 (KHTML, like Gecko) Chrome/105.0.0.0 Mobile Safari/537.36" "www.rbcauayan.com"
202.90.152.68 - - [23/Oct/2022:14:32:27 -0700] "GET /ssl/plugins/magnific-popup/jquery.magnific-popup.min.js HTTP/1.1" 200 7687 "https://www.rbcauayan.com/ssl/validation.html" "Mozilla/5.0 (Linux; Android 11; RMX3231) AppleWebKit/537.36 (KHTML, like Gecko) Chrome/105.0.0.0 Mobile Safari/537.36" "www.rbcauayan.com"
66.249.66.215 - - [23/Oct/2022:14:32:28 -0700] "GET /@rbcauayan.com/ssl/images/iconrb.png HTTP/1.1" 200 3626 "-" "Googlebot-Image/1.0" "p9.secure.hostingprod.com"
209.146.16.4 - - [23/Oct/2022:14:32:28 -0700] "GET /ssl/plugins/owl-carousel/owl.carousel.css HTTP/1.1" 200 528 "https://www.rbcauayan.com/ssl/index.html" "Mozilla/5.0 (Linux; Android 12; CPH2203) AppleWebKit/537.36 (KHTML, like Gecko) Chrome/105.0.0.0 Mobile Safari/537.36" "www.rbcauayan.com"
209.146.16.4 - - [23/Oct/2022:14:32:28 -0700] "GET /ssl/css/animations.css HTTP/1.1" 200 570 "https://www.rbcauayan.com/ssl/index.html" "Mozilla/5.0 (Linux; Android 12; CPH2203) AppleWebKit/537.36 (KHTML, like Gecko) Chrome/105.0.0.0 Mobile Safari/537.36" "www.rbcauayan.com"
209.146.16.4 - - [23/Oct/2022:14:32:28 -0700] "GET /ssl/css/style.css HTTP/1.1" 200 20180 "https://www.rbcauayan.com/ssl/index.html" "Mozilla/5.0 (Linux; Android 12; CPH2203) AppleWebKit/537.36 (KHTML, like Gecko) Chrome/105.0.0.0 Mobile Safari/537.36" "www.rbcauayan.com"
202.90.152.68 - - [23/Oct/2022:14:32:28 -0700] "GET /ssl/plugins/jquery.sharrre.js HTTP/1.1" 200 6209 "https://www.rbcauayan.com/ssl/validation.html" "Mozilla/5.0 (Linux; Android 11; RMX3231) AppleWebKit/537.36 (KHTML, like Gecko) Chrome/105.0.0.0 Mobile Safari/537.36" "www.rbcauayan.com"
209.146.16.4 - - [23/Oct/2022:14:32:28 -0700] "GET /ssl/css/skins/blue.css HTTP/1.1" 200 2396 "https://www.rbcauayan.com/ssl/index.html" "Mozilla/5.0 (Linux; Android 12; CPH2203) AppleWebKit/537.36 (KHTML, like Gecko) Chrome/105.0.0.0 Mobile Safari/537.36" "www.rbcauayan.com"
209.146.16.4 - - [23/Oct/2022:14:32:28 -0700] "GET /ssl/css/custom.css HTTP/1.1" 200 220 "https://www.rbcauayan.com/ssl/index.html" "Mozilla/5.0 (Linux; Android 12; CPH2203) AppleWebKit/537.36 (KHTML, like Gecko) Chrome/105.0.0.0 Mobile Safari/537.36" "www.rbcauayan.com"
209.146.16.4 - - [23/Oct/2022:14:32:28 -0700] "GET /ssl/plugins/jquery.min.js HTTP/1.1" 200 33225 "https://www.rbcauayan.com/ssl/index.html" "Mozilla/5.0 (Linux; Android 12; CPH2203) AppleWebKit/537.36 (KHTML, like Gecko) Chrome/105.0.0.0 Mobile Safari/537.36" "www.rbcauayan.com"
202.90.152.68 - - [23/Oct/2022:14:32:28 -0700] "GET /ssl/plugins/jquery.parallax-1.1.3.js HTTP/1.1" 200 794 "https://www.rbcauayan.com/ssl/validation.html" "Mozilla/5.0 (Linux; Android 11; RMX3231) AppleWebKit/537.36 (KHTML, like Gecko) Chrome/105.0.0.0 Mobile Safari/537.36" "www.rbcauayan.com"
202.90.152.68 - - [23/Oct/2022:14:32:28 -0700] "GET /ssl/plugins/jquery.appear.js HTTP/1.1" 200 1360 "https://www.rbcauayan.com/ssl/validation.html" "Mozilla/5.0 (Linux; Android 11; RMX3231) AppleWebKit/537.36 (KHTML, like Gecko) Chrome/105.0.0.0 Mobile Safari/537.36" "www.rbcauayan.com"
202.90.152.68 - - [23/Oct/2022:14:32:29 -0700] "GET /ssl/plugins/jquery.countTo.js HTTP/1.1" 200 914 "https://www.rbcauayan.com/ssl/validation.html" "Mozilla/5.0 (Linux; Android 11; RMX3231) AppleWebKit/537.36 (KHTML, like Gecko) Chrome/105.0.0.0 Mobile Safari/537.36" "www.rbcauayan.com"
202.90.152.68 - - [23/Oct/2022:14:32:29 -0700] "GET /ssl/plugins/jquery.validate.js HTTP/1.1" 200 11231 "https://www.rbcauayan.com/ssl/validation.html" "Mozilla/5.0 (Linux; Android 11; RMX3231) AppleWebKit/537.36 (KHTML, like Gecko) Chrome/105.0.0.0 Mobile Safari/537.36" "www.rbcauayan.com"
202.90.152.68 - - [23/Oct/2022:14:32:29 -0700] "GET /ssl/js/template.js HTTP/1.1" 200 5234 "https://www.rbcauayan.com/ssl/validation.html" "Mozilla/5.0 (Linux; Android 11; RMX3231) AppleWebKit/537.36 (KHTML, like Gecko) Chrome/105.0.0.0 Mobile Safari/537.36" "www.rbcauayan.com"
209.146.16.4 - - [23/Oct/2022:14:32:30 -0700] "GET /ssl/plugins/modernizr.js HTTP/1.1" 200 4173 "https://www.rbcauayan.com/ssl/index.html" "Mozilla/5.0 (Linux; Android 12; CPH2203) AppleWebKit/537.36 (KHTML, like Gecko) Chrome/105.0.0.0 Mobile Safari/537.36" "www.rbcauayan.com"
209.146.16.4 - - [23/Oct/2022:14:32:30 -0700] "GET /ssl/css/animate.css HTTP/1.1" 200 4602 "https://www.rbcauayan.com/ssl/css/animations.css" "Mozilla/5.0 (Linux; Android 12; CPH2203) AppleWebKit/537.36 (KHTML, like Gecko) Chrome/105.0.0.0 Mobile Safari/537.36" "www.rbcauayan.com"
209.146.16.4 - - [23/Oct/2022:14:32:30 -0700] "GET /ssl/bootstrap/js/bootstrap.min.js HTTP/1.1" 200 9539 "https://www.rbcauayan.com/ssl/index.html" "Mozilla/5.0 (Linux; Android 12; CPH2203) AppleWebKit/537.36 (KHTML, like Gecko) Chrome/105.0.0.0 Mobile Safari/537.36" "www.rbcauayan.com"
209.146.16.4 - - [23/Oct/2022:14:32:30 -0700] "GET /ssl/plugins/rs-plugin/js/jquery.themepunch.tools.min.js HTTP/1.1" 200 32593 "https://www.rbcauayan.com/ssl/index.html" "Mozilla/5.0 (Linux; Android 12; CPH2203) AppleWebKit/537.36 (KHTML, like Gecko) Chrome/105.0.0.0 Mobile Safari/537.36" "www.rbcauayan.com"
209.146.16.4 - - [23/Oct/2022:14:32:30 -0700] "GET /ssl/plugins/rs-plugin/js/jquery.themepunch.revolution.min.js HTTP/1.1" 200 25624 "https://www.rbcauayan.com/ssl/index.html" "Mozilla/5.0 (Linux; Android 12; CPH2203) AppleWebKit/537.36 (KHTML, like Gecko) Chrome/105.0.0.0 Mobile Safari/537.36" "www.rbcauayan.com"
209.146.16.4 - - [23/Oct/2022:14:32:30 -0700] "GET /ssl/plugins/isotope/isotope.pkgd.min.js HTTP/1.1" 200 9714 "https://www.rbcauayan.com/ssl/index.html" "Mozilla/5.0 (Linux; Android 12; CPH2203) AppleWebKit/537.36 (KHTML, like Gecko) Chrome/105.0.0.0 Mobile Safari/537.36" "www.rbcauayan.com"
202.90.152.68 - - [23/Oct/2022:14:32:30 -0700] "GET /ssl/js/custom.js HTTP/1.1" 200 220 "https://www.rbcauayan.com/ssl/validation.html" "Mozilla/5.0 (Linux; Android 11; RMX3231) AppleWebKit/537.36 (KHTML, like Gecko) Chrome/105.0.0.0 Mobile Safari/537.36" "www.rbcauayan.com"
202.90.152.68 - - [23/Oct/2022:14:32:31 -0700] "GET /ssl/images/logo_banner.jpg HTTP/1.1" 200 59755 "https://www.rbcauayan.com/ssl/validation.html" "Mozilla/5.0 (Linux; Android 11; RMX3231) AppleWebKit/537.36 (KHTML, like Gecko) Chrome/105.0.0.0 Mobile Safari/537.36" "www.rbcauayan.com"
209.146.16.4 - - [23/Oct/2022:14:32:32 -0700] "GET /ssl/plugins/magnific-popup/jquery.magnific-popup.min.js HTTP/1.1" 200 7687 "https://www.rbcauayan.com/ssl/index.html" "Mozilla/5.0 (Linux; Android 12; CPH2203) AppleWebKit/537.36 (KHTML, like Gecko) Chrome/105.0.0.0 Mobile Safari/537.36" "www.rbcauayan.com"
209.146.16.4 - - [23/Oct/2022:14:32:32 -0700] "GET /ssl/plugins/jquery.appear.js HTTP/1.1" 200 1360 "https://www.rbcauayan.com/ssl/index.html" "Mozilla/5.0 (Linux; Android 12; CPH2203) AppleWebKit/537.36 (KHTML, like Gecko) Chrome/105.0.0.0 Mobile Safari/537.36" "www.rbcauayan.com"
209.146.16.4 - - [23/Oct/2022:14:32:32 -0700] "GET /ssl/plugins/jquery.parallax-1.1.3.js HTTP/1.1" 200 794 "https://www.rbcauayan.com/ssl/index.html" "Mozilla/5.0 (Linux; Android 12; CPH2203) AppleWebKit/537.36 (KHTML, like Gecko) Chrome/105.0.0.0 Mobile Safari/537.36" "www.rbcauayan.com"
209.146.16.4 - - [23/Oct/2022:14:32:32 -0700] "GET /ssl/plugins/jquery.validate.js HTTP/1.1" 200 11231 "https://www.rbcauayan.com/ssl/index.html" "Mozilla/5.0 (Linux; Android 12; CPH2203) AppleWebKit/537.36 (KHTML, like Gecko) Chrome/105.0.0.0 Mobile Safari/537.36" "www.rbcauayan.com"
209.146.16.4 - - [23/Oct/2022:14:32:32 -0700] "GET /ssl/plugins/owl-carousel/owl.carousel.js HTTP/1.1" 200 8751 "https://www.rbcauayan.com/ssl/index.html" "Mozilla/5.0 (Linux; Android 12; CPH2203) AppleWebKit/537.36 (KHTML, like Gecko) Chrome/105.0.0.0 Mobile Safari/537.36" "www.rbcauayan.com"
209.146.16.4 - - [23/Oct/2022:14:32:33 -0700] "GET /ssl/plugins/jquery.countTo.js HTTP/1.1" 200 914 "https://www.rbcauayan.com/ssl/index.html" "Mozilla/5.0 (Linux; Android 12; CPH2203) AppleWebKit/537.36 (KHTML, like Gecko) Chrome/105.0.0.0 Mobile Safari/537.36" "www.rbcauayan.com"
209.146.16.4 - - [23/Oct/2022:14:32:33 -0700] "GET /ssl/js/custom.js HTTP/1.1" 200 220 "https://www.rbcauayan.com/ssl/index.html" "Mozilla/5.0 (Linux; Android 12; CPH2203) AppleWebKit/537.36 (KHTML, like Gecko) Chrome/105.0.0.0 Mobile Safari/537.36" "www.rbcauayan.com"
209.146.16.4 - - [23/Oct/2022:14:32:33 -0700] "GET /ssl/js/template.js HTTP/1.1" 200 5234 "https://www.rbcauayan.com/ssl/index.html" "Mozilla/5.0 (Linux; Android 12; CPH2203) AppleWebKit/537.36 (KHTML, like Gecko) Chrome/105.0.0.0 Mobile Safari/537.36" "www.rbcauayan.com"
202.90.152.68 - - [23/Oct/2022:14:32:34 -0700] "GET /ssl/2018%20RB%20CAUAYAN%20MAGKUMPARE.ogg HTTP/1.1" 404 73 "https://www.rbcauayan.com/ssl/validation.html" "Mozilla/5.0 (Linux; Android 11; RMX3231) AppleWebKit/537.36 (KHTML, like Gecko) Chrome/105.0.0.0 Mobile Safari/537.36" "www.rbcauayan.com"
202.90.152.68 - - [23/Oct/2022:14:32:34 -0700] "GET /ssl/fonts/font-awesome/fonts/fontawesome-webfont.woff2?v=4.3.0 HTTP/1.1" 200 56780 "https://www.rbcauayan.com/ssl/fonts/font-awesome/css/font-awesome.css" "Mozilla/5.0 (Linux; Android 11; RMX3231) AppleWebKit/537.36 (KHTML, like Gecko) Chrome/105.0.0.0 Mobile Safari/537.36" "www.rbcauayan.com"
209.146.16.4 - - [23/Oct/2022:14:32:34 -0700] "GET /ssl/images/logo_banner.jpg HTTP/1.1" 200 59755 "https://www.rbcauayan.com/ssl/index.html" "Mozilla/5.0 (Linux; Android 12; CPH2203) AppleWebKit/537.36 (KHTML, like Gecko) Chrome/105.0.0.0 Mobile Safari/537.36" "www.rbcauayan.com"
209.146.16.4 - - [23/Oct/2022:14:32:34 -0700] "GET /ssl/images/rcbg2.jpg HTTP/1.1" 200 806834 "https://www.rbcauayan.com/ssl/index.html" "Mozilla/5.0 (Linux; Android 12; CPH2203) AppleWebKit/537.36 (KHTML, like Gecko) Chrome/105.0.0.0 Mobile Safari/537.36" "www.rbcauayan.com"
209.146.16.4 - - [23/Oct/2022:14:32:34 -0700] "GET /ssl/images/qa.png HTTP/1.1" 200 260402 "https://www.rbcauayan.com/ssl/index.html" "Mozilla/5.0 (Linux; Android 12; CPH2203) AppleWebKit/537.36 (KHTML, like Gecko) Chrome/105.0.0.0 Mobile Safari/537.36" "www.rbcauayan.com"
209.146.16.4 - - [23/Oct/2022:14:32:34 -0700] "GET /ssl/images/jobfair2019.jpg HTTP/1.1" 200 931951 "https://www.rbcauayan.com/ssl/index.html" "Mozilla/5.0 (Linux; Android 12; CPH2203) AppleWebKit/537.36 (KHTML, like Gecko) Chrome/105.0.0.0 Mobile Safari/537.36" "www.rbcauayan.com"
209.146.16.4 - - [23/Oct/2022:14:32:35 -0700] "GET /ssl/images/carousel-6.jpg HTTP/1.1" 200 491819 "https://www.rbcauayan.com/ssl/index.html" "Mozilla/5.0 (Linux; Android 12; CPH2203) AppleWebKit/537.36 (KHTML, like Gecko) Chrome/105.0.0.0 Mobile Safari/537.36" "www.rbcauayan.com"
209.146.16.4 - - [23/Oct/2022:14:32:35 -0700] "GET /ssl/images/50years.jpg HTTP/1.1" 200 4211617 "https://www.rbcauayan.com/ssl/index.html" "Mozilla/5.0 (Linux; Android 12; CPH2203) AppleWebKit/537.36 (KHTML, like Gecko) Chrome/105.0.0.0 Mobile Safari/537.36" "www.rbcauayan.com"
209.146.16.4 - - [23/Oct/2022:14:32:36 -0700] "GET /ssl/images/bsp.png HTTP/1.1" 200 17110 "https://www.rbcauayan.com/ssl/index.html" "Mozilla/5.0 (Linux; Android 12; CPH2203) AppleWebKit/537.36 (KHTML, like Gecko) Chrome/105.0.0.0 Mobile Safari/537.36" "www.rbcauayan.com"
202.90.152.68 - - [23/Oct/2022:14:32:37 -0700] "GET /ssl/2018%20RB%20CAUAYAN%20MAGKUMPARE.mp3 HTTP/1.1" 206 1452408 "https://www.rbcauayan.com/ssl/validation.html" "Mozilla/5.0 (Linux; Android 11; RMX3231) AppleWebKit/537.36 (KHTML, like Gecko) Chrome/105.0.0.0 Mobile Safari/537.36" "www.rbcauayan.com"
209.146.16.4 - - [23/Oct/2022:14:32:37 -0700] "GET /ssl/images/bdo.png HTTP/1.1" 200 10376 "https://www.rbcauayan.com/ssl/index.html" "Mozilla/5.0 (Linux; Android 12; CPH2203) AppleWebKit/537.36 (KHTML, like Gecko) Chrome/105.0.0.0 Mobile Safari/537.36" "www.rbcauayan.com"
209.146.16.4 - - [23/Oct/2022:14:32:38 -0700] "GET /ssl/images/lb.png HTTP/1.1" 200 16873 "https://www.rbcauayan.com/ssl/index.html" "Mozilla/5.0 (Linux; Android 12; CPH2203) AppleWebKit/537.36 (KHTML, like Gecko) Chrome/105.0.0.0 Mobile Safari/537.36" "www.rbcauayan.com"
209.146.16.4 - - [23/Oct/2022:14:32:39 -0700] "GET /ssl/images/rbap.png HTTP/1.1" 200 18768 "https://www.rbcauayan.com/ssl/index.html" "Mozilla/5.0 (Linux; Android 12; CPH2203) AppleWebKit/537.36 (KHTML, like Gecko) Chrome/105.0.0.0 Mobile Safari/537.36" "www.rbcauayan.com"
209.146.16.4 - - [23/Oct/2022:14:32:39 -0700] "GET /ssl/images/rcbc.png HTTP/1.1" 200 14814 "https://www.rbcauayan.com/ssl/index.html" "Mozilla/5.0 (Linux; Android 12; CPH2203) AppleWebKit/537.36 (KHTML, like Gecko) Chrome/105.0.0.0 Mobile Safari/537.36" "www.rbcauayan.com"
209.146.16.4 - - [23/Oct/2022:14:32:39 -0700] "GET /ssl/images/pdic.jpg HTTP/1.1" 200 67636 "https://www.rbcauayan.com/ssl/index.html" "Mozilla/5.0 (Linux; Android 12; CPH2203) AppleWebKit/537.36 (KHTML, like Gecko) Chrome/105.0.0.0 Mobile Safari/537.36" "www.rbcauayan.com"
209.146.16.4 - - [23/Oct/2022:14:32:40 -0700] "GET /ssl/images/logo7.png HTTP/1.1" 200 8851 "https://www.rbcauayan.com/ssl/index.html" "Mozilla/5.0 (Linux; Android 12; CPH2203) AppleWebKit/537.36 (KHTML, like Gecko) Chrome/105.0.0.0 Mobile Safari/537.36" "www.rbcauayan.com"
209.146.16.4 - - [23/Oct/2022:14:32:40 -0700] "GET /ssl/images/ccvrb.png HTTP/1.1" 200 20688 "https://www.rbcauayan.com/ssl/index.html" "Mozilla/5.0 (Linux; Android 12; CPH2203) AppleWebKit/537.36 (KHTML, like Gecko) Chrome/105.0.0.0 Mobile Safari/537.36" "www.rbcauayan.com"
209.146.16.4 - - [23/Oct/2022:14:32:41 -0700] "GET /ssl/images/news/sol.jpg HTTP/1.1" 200 1280986 "https://www.rbcauayan.com/ssl/index.html" "Mozilla/5.0 (Linux; Android 12; CPH2203) AppleWebKit/537.36 (KHTML, like Gecko) Chrome/105.0.0.0 Mobile Safari/537.36" "www.rbcauayan.com"
209.146.16.4 - - [23/Oct/2022:14:32:41 -0700] "GET /ssl/images/news/gawadpo.jpg HTTP/1.1" 200 3797786 "https://www.rbcauayan.com/ssl/index.html" "Mozilla/5.0 (Linux; Android 12; CPH2203) AppleWebKit/537.36 (KHTML, like Gecko) Chrome/105.0.0.0 Mobile Safari/537.36" "www.rbcauayan.com"
209.146.16.4 - - [23/Oct/2022:14:32:41 -0700] "GET /ssl/images/news/cordon.jpg HTTP/1.1" 200 4296911 "https://www.rbcauayan.com/ssl/index.html" "Mozilla/5.0 (Linux; Android 12; CPH2203) AppleWebKit/537.36 (KHTML, like Gecko) Chrome/105.0.0.0 Mobile Safari/537.36" "www.rbcauayan.com"
209.146.16.4 - - [23/Oct/2022:14:32:42 -0700] "GET /ssl/images/news/aurora.jpg HTTP/1.1" 200 3027296 "https://www.rbcauayan.com/ssl/index.html" "Mozilla/5.0 (Linux; Android 12; CPH2203) AppleWebKit/537.36 (KHTML, like Gecko) Chrome/105.0.0.0 Mobile Safari/537.36" "www.rbcauayan.com"
209.146.16.4 - - [23/Oct/2022:14:32:42 -0700] "GET /ssl/images/gallery-4.png HTTP/1.1" 200 67502 "https://www.rbcauayan.com/ssl/index.html" "Mozilla/5.0 (Linux; Android 12; CPH2203) AppleWebKit/537.36 (KHTML, like Gecko) Chrome/105.0.0.0 Mobile Safari/537.36" "www.rbcauayan.com"
209.146.16.4 - - [23/Oct/2022:14:32:44 -0700] "GET /ssl/images/gallery-2s.jpg HTTP/1.1" 200 66138 "https://www.rbcauayan.com/ssl/index.html" "Mozilla/5.0 (Linux; Android 12; CPH2203) AppleWebKit/537.36 (KHTML, like Gecko) Chrome/105.0.0.0 Mobile Safari/537.36" "www.rbcauayan.com"
209.146.16.4 - - [23/Oct/2022:14:32:46 -0700] "GET /ssl/images/gallery-6.png HTTP/1.1" 200 48151 "https://www.rbcauayan.com/ssl/index.html" "Mozilla/5.0 (Linux; Android 12; CPH2203) AppleWebKit/537.36 (KHTML, like Gecko) Chrome/105.0.0.0 Mobile Safari/537.36" "www.rbcauayan.com"
209.146.16.4 - - [23/Oct/2022:14:32:48 -0700] "GET /ssl/images/baguio-1.jpg HTTP/1.1" 200 69273 "https://www.rbcauayan.com/ssl/index.html" "Mozilla/5.0 (Linux; Android 12; CPH2203) AppleWebKit/537.36 (KHTML, like Gecko) Chrome/105.0.0.0 Mobile Safari/537.36" "www.rbcauayan.com"
209.146.16.4 - - [23/Oct/2022:14:32:49 -0700] "GET /ssl/images/wais-1.jpg HTTP/1.1" 200 49015 "https://www.rbcauayan.com/ssl/index.html" "Mozilla/5.0 (Linux; Android 12; CPH2203) AppleWebKit/537.36 (KHTML, like Gecko) Chrome/105.0.0.0 Mobile Safari/537.36" "www.rbcauayan.com"
209.146.16.4 - - [23/Oct/2022:14:33:00 -0700] "GET /ssl/images/parallax-bg-3.jpg HTTP/1.1" 200 185216 "https://www.rbcauayan.com/ssl/css/style.css" "Mozilla/5.0 (Linux; Android 12; CPH2203) AppleWebKit/537.36 (KHTML, like Gecko) Chrome/105.0.0.0 Mobile Safari/537.36" "www.rbcauayan.com"
209.146.16.4 - - [23/Oct/2022:14:33:00 -0700] "GET /ssl/2018%20RB%20CAUAYAN%20MAGKUMPARE.ogg HTTP/1.1" 404 73 "https://www.rbcauayan.com/ssl/index.html" "Mozilla/5.0 (Linux; Android 12; CPH2203) AppleWebKit/537.36 (KHTML, like Gecko) Chrome/105.0.0.0 Mobile Safari/537.36" "www.rbcauayan.com"
209.146.16.4 - - [23/Oct/2022:14:33:00 -0700] "GET /ssl/fonts/font-awesome/fonts/fontawesome-webfont.woff2?v=4.3.0 HTTP/1.1" 200 56780 "https://www.rbcauayan.com/ssl/fonts/font-awesome/css/font-awesome.css" "Mozilla/5.0 (Linux; Android 12; CPH2203) AppleWebKit/537.36 (KHTML, like Gecko) Chrome/105.0.0.0 Mobile Safari/537.36" "www.rbcauayan.com"
209.146.16.4 - - [23/Oct/2022:14:33:00 -0700] "GET /ssl/fonts/fontello/font/fontello.woff?705405 HTTP/1.1" 200 40308 "https://www.rbcauayan.com/ssl/fonts/fontello/css/fontello.css" "Mozilla/5.0 (Linux; Android 12; CPH2203) AppleWebKit/537.36 (KHTML, like Gecko) Chrome/105.0.0.0 Mobile Safari/537.36" "www.rbcauayan.com"
209.146.16.4 - - [23/Oct/2022:14:33:00 -0700] "GET /ssl/images/loader.gif HTTP/1.1" 200 8187 "https://www.rbcauayan.com/ssl/css/style.css" "Mozilla/5.0 (Linux; Android 12; CPH2203) AppleWebKit/537.36 (KHTML, like Gecko) Chrome/105.0.0.0 Mobile Safari/537.36" "www.rbcauayan.com"
209.146.16.4 - - [23/Oct/2022:14:33:03 -0700] "GET /ssl/2018%20RB%20CAUAYAN%20MAGKUMPARE.mp3 HTTP/1.1" 206 1452408 "https://www.rbcauayan.com/ssl/index.html" "Mozilla/5.0 (Linux; Android 12; CPH2203) AppleWebKit/537.36 (KHTML, like Gecko) Chrome/105.0.0.0 Mobile Safari/537.36" "www.rbcauayan.com"
52.226.210.206 - - [23/Oct/2022:14:38:30 -0700] "GET /robots.txt HTTP/1.1" 404 88 "-" "python-requests/2.27.1" "www.rbcauayan.com"
52.226.210.206 - - [23/Oct/2022:14:38:39 -0700] "GET /ssl/images/tcd_design.jpg HTTP/1.1" 200 329310 "-" "Mozilla/5.0 (Windows NT 10.0; Win64; x64) AppleWebKit/537.36 (KHTML, like Gecko) Chrome/76.0.3809.100 Safari/537.36" "www.rbcauayan.com"
51.222.253.20 - - [23/Oct/2022:15:08:44 -0700] "GET /robots.txt HTTP/1.1" 404 88 "-" "Mozilla/5.0 (compatible; AhrefsBot/7.0; +http://ahrefs.com/robot/)" "www.rbcauayan.com"
51.222.253.3 - - [23/Oct/2022:15:08:46 -0700] "GET / HTTP/1.1" 200 117 "-" "Mozilla/5.0 (compatible; AhrefsBot/7.0; +http://ahrefs.com/robot/)" "www.rbcauayan.com"
157.55.39.75 - - [23/Oct/2022:15:10:03 -0700] "GET /ssl/page-about.html/plugins/jquery.validate.js HTTP/1.1" 404 88 "-" "Mozilla/5.0 (compatible; MSIE 9.0; Windows NT 6.1; Trident/5.0)" "rbcauayan.com"
207.46.13.151 - - [23/Oct/2022:15:11:42 -0700] "GET /ssl/page-about.html/plugins/jquery.parallax-1.1.3.js HTTP/1.1" 404 88 "-" "Mozilla/5.0 (compatible; MSIE 9.0; Windows NT 6.1; Trident/5.0)" "rbcauayan.com"
49.7.20.93 - - [23/Oct/2022:15:12:52 -0700] "GET / HTTP/1.1" 200 117 "-" "Sogou web spider/4.0(+http://www.sogou.com/docs/help/webmasters.htm#07)" "www.rbcauayan.com"
207.46.13.122 - - [23/Oct/2022:15:13:12 -0700] "GET /ssl/deposit-student.html/plugins/jquery.countto.js HTTP/1.1" 404 88 "-" "Mozilla/5.0 (compatible; MSIE 9.0; Windows NT 6.1; Trident/5.0)" "rbcauayan.com"
157.55.39.75 - - [23/Oct/2022:15:13:24 -0700] "GET /ssl/page-about.html/images/pioneer.png HTTP/1.1" 404 88 "-" "Mozilla/5.0 (compatible; MSIE 9.0; Windows NT 6.1; Trident/5.0)" "rbcauayan.com"
49.7.20.99 - - [23/Oct/2022:15:13:57 -0700] "GET /ssl/ HTTP/1.1" 200 8059 "-" "Sogou web spider/4.0(+http://www.sogou.com/docs/help/webmasters.htm#07)" "www.rbcauayan.com"
54.161.41.102 - - [23/Oct/2022:15:30:33 -0700] "GET /robots.txt HTTP/1.1" 404 88 "-" "Mozilla/5.0 (compatible; Neevabot/1.0; +https://neeva.com/neevabot)" "rbcauayan.com"
54.161.41.102 - - [23/Oct/2022:15:30:41 -0700] "GET / HTTP/1.1" 200 117 "-" "Mozilla/5.0 (compatible; Neevabot/1.0; +https://neeva.com/neevabot)" "rbcauayan.com"
52.226.227.211 - - [23/Oct/2022:15:35:28 -0700] "GET /robots.txt HTTP/1.1" 404 88 "-" "python-requests/2.27.1" "www.rbcauayan.com"
52.226.227.211 - - [23/Oct/2022:15:35:33 -0700] "GET /ssl/images/slide-1.jpg HTTP/1.1" 200 592527 "-" "Mozilla/5.0 (Windows NT 10.0; Win64; x64) AppleWebKit/537.36 (KHTML, like Gecko) Chrome/76.0.3809.100 Safari/537.36" "www.rbcauayan.com"
40.118.69.193 - - [23/Oct/2022:15:57:33 -0700] "GET /wp-content/themes/seotheme/db.php?u HTTP/1.1" 404 88 "http://rbcauayan.com//wp-content/themes/seotheme/db.php?u" "Go-http-client/2.0" "rbcauayan.com"
72.14.201.149 - - [23/Oct/2022:16:13:46 -0700] "GET /ssl/SOLANO.html HTTP/1.1" 200 5055 "-" "Mozilla/5.0 (Linux; Android 10; K) AppleWebKit/537.36 (KHTML, like Gecko) Chrome/106.0.0.0 Mobile Safari/537.36" "www.rbcauayan.com"
157.55.39.236 - - [23/Oct/2022:16:24:23 -0700] "GET /ssl/images/pdic1.png HTTP/1.1" 200 42862 "-" "Mozilla/5.0 (compatible; bingbot/2.0; +http://www.bing.com/bingbot.htm)" "www.rbcauayan.com"
20.170.0.62 - - [23/Oct/2022:16:25:56 -0700] "GET / HTTP/1.1" 200 111 "-" "Mozilla/5.0 (Windows NT 10.0; Win64; x64) AppleWebKit/537.36 (KHTML, like Gecko) Chrome/78.0.3904.108 Safari/537.36" "rbcauayan.com"
20.170.0.62 - - [23/Oct/2022:16:25:57 -0700] "GET /wp-includes/wlwmanifest.xml HTTP/1.1" 404 73 "-" "Mozilla/5.0 (Windows NT 10.0; Win64; x64) AppleWebKit/537.36 (KHTML, like Gecko) Chrome/78.0.3904.108 Safari/537.36" "rbcauayan.com"
20.170.0.62 - - [23/Oct/2022:16:25:57 -0700] "GET / HTTP/1.1" 200 111 "-" "Mozilla/5.0 (Windows NT 10.0; Win64; x64) AppleWebKit/537.36 (KHTML, like Gecko) Chrome/78.0.3904.108 Safari/537.36" "rbcauayan.com"
20.170.0.62 - - [23/Oct/2022:16:25:58 -0700] "GET /blog/wp-includes/wlwmanifest.xml HTTP/1.1" 404 73 "-" "Mozilla/5.0 (Windows NT 10.0; Win64; x64) AppleWebKit/537.36 (KHTML, like Gecko) Chrome/78.0.3904.108 Safari/537.36" "rbcauayan.com"
20.170.0.62 - - [23/Oct/2022:16:25:58 -0700] "GET /web/wp-includes/wlwmanifest.xml HTTP/1.1" 404 73 "-" "Mozilla/5.0 (Windows NT 10.0; Win64; x64) AppleWebKit/537.36 (KHTML, like Gecko) Chrome/78.0.3904.108 Safari/537.36" "rbcauayan.com"
20.170.0.62 - - [23/Oct/2022:16:25:59 -0700] "GET /wordpress/wp-includes/wlwmanifest.xml HTTP/1.1" 404 73 "-" "Mozilla/5.0 (Windows NT 10.0; Win64; x64) AppleWebKit/537.36 (KHTML, like Gecko) Chrome/78.0.3904.108 Safari/537.36" "rbcauayan.com"
20.170.0.62 - - [23/Oct/2022:16:25:59 -0700] "GET /website/wp-includes/wlwmanifest.xml HTTP/1.1" 404 73 "-" "Mozilla/5.0 (Windows NT 10.0; Win64; x64) AppleWebKit/537.36 (KHTML, like Gecko) Chrome/78.0.3904.108 Safari/537.36" "rbcauayan.com"
20.170.0.62 - - [23/Oct/2022:16:25:59 -0700] "GET /wp/wp-includes/wlwmanifest.xml HTTP/1.1" 404 73 "-" "Mozilla/5.0 (Windows NT 10.0; Win64; x64) AppleWebKit/537.36 (KHTML, like Gecko) Chrome/78.0.3904.108 Safari/537.36" "rbcauayan.com"
20.170.0.62 - - [23/Oct/2022:16:26:00 -0700] "GET /news/wp-includes/wlwmanifest.xml HTTP/1.1" 404 73 "-" "Mozilla/5.0 (Windows NT 10.0; Win64; x64) AppleWebKit/537.36 (KHTML, like Gecko) Chrome/78.0.3904.108 Safari/537.36" "rbcauayan.com"
20.170.0.62 - - [23/Oct/2022:16:26:00 -0700] "GET /2018/wp-includes/wlwmanifest.xml HTTP/1.1" 404 73 "-" "Mozilla/5.0 (Windows NT 10.0; Win64; x64) AppleWebKit/537.36 (KHTML, like Gecko) Chrome/78.0.3904.108 Safari/537.36" "rbcauayan.com"
20.170.0.62 - - [23/Oct/2022:16:26:01 -0700] "GET /shop/wp-includes/wlwmanifest.xml HTTP/1.1" 404 73 "-" "Mozilla/5.0 (Windows NT 10.0; Win64; x64) AppleWebKit/537.36 (KHTML, like Gecko) Chrome/78.0.3904.108 Safari/537.36" "rbcauayan.com"
20.170.0.62 - - [23/Oct/2022:16:26:01 -0700] "GET /wp1/wp-includes/wlwmanifest.xml HTTP/1.1" 404 73 "-" "Mozilla/5.0 (Windows NT 10.0; Win64; x64) AppleWebKit/537.36 (KHTML, like Gecko) Chrome/78.0.3904.108 Safari/537.36" "rbcauayan.com"
20.170.0.62 - - [23/Oct/2022:16:26:02 -0700] "GET /test/wp-includes/wlwmanifest.xml HTTP/1.1" 404 73 "-" "Mozilla/5.0 (Windows NT 10.0; Win64; x64) AppleWebKit/537.36 (KHTML, like Gecko) Chrome/78.0.3904.108 Safari/537.36" "rbcauayan.com"
20.170.0.62 - - [23/Oct/2022:16:26:02 -0700] "GET /media/wp-includes/wlwmanifest.xml HTTP/1.1" 404 73 "-" "Mozilla/5.0 (Windows NT 10.0; Win64; x64) AppleWebKit/537.36 (KHTML, like Gecko) Chrome/78.0.3904.108 Safari/537.36" "rbcauayan.com"
20.170.0.62 - - [23/Oct/2022:16:26:02 -0700] "GET /wp2/wp-includes/wlwmanifest.xml HTTP/1.1" 404 73 "-" "Mozilla/5.0 (Windows NT 10.0; Win64; x64) AppleWebKit/537.36 (KHTML, like Gecko) Chrome/78.0.3904.108 Safari/537.36" "rbcauayan.com"
20.170.0.62 - - [23/Oct/2022:16:26:03 -0700] "GET /site/wp-includes/wlwmanifest.xml HTTP/1.1" 404 73 "-" "Mozilla/5.0 (Windows NT 10.0; Win64; x64) AppleWebKit/537.36 (KHTML, like Gecko) Chrome/78.0.3904.108 Safari/537.36" "rbcauayan.com"
20.170.0.62 - - [23/Oct/2022:16:26:03 -0700] "GET /cms/wp-includes/wlwmanifest.xml HTTP/1.1" 404 73 "-" "Mozilla/5.0 (Windows NT 10.0; Win64; x64) AppleWebKit/537.36 (KHTML, like Gecko) Chrome/78.0.3904.108 Safari/537.36" "rbcauayan.com"
20.170.0.62 - - [23/Oct/2022:16:26:04 -0700] "GET /sito/wp-includes/wlwmanifest.xml HTTP/1.1" 404 73 "-" "Mozilla/5.0 (Windows NT 10.0; Win64; x64) AppleWebKit/537.36 (KHTML, like Gecko) Chrome/78.0.3904.108 Safari/537.36" "rbcauayan.com"
207.46.13.122 - - [23/Oct/2022:16:33:39 -0700] "GET /phpadmin/setup/index.php?page=form&formset=Left_frame HTTP/1.1" 200 23726 "-" "Mozilla/5.0 AppleWebKit/537.36 (KHTML, like Gecko; compatible; bingbot/2.0; +http://www.bing.com/bingbot.htm) Chrome/103.0.5060.134 Safari/537.36" "www.rbcauayan.com"
54.36.149.60 - - [23/Oct/2022:16:35:03 -0700] "GET /robots.txt HTTP/1.1" 404 88 "-" "Mozilla/5.0 (compatible; AhrefsBot/7.0; +http://ahrefs.com/robot/)" "rbcauayan.com"
51.222.253.17 - - [23/Oct/2022:16:35:04 -0700] "GET / HTTP/1.1" 200 117 "-" "Mozilla/5.0 (compatible; AhrefsBot/7.0; +http://ahrefs.com/robot/)" "rbcauayan.com"
119.93.117.183 - - [23/Oct/2022:16:58:55 -0700] "GET /ssl/ HTTP/1.1" 304 - "-" "Mozilla/5.0 (Windows NT 6.1) AppleWebKit/537.36 (KHTML, like Gecko) Chrome/106.0.0.0 Safari/537.36" "www.rbcauayan.com"
119.93.117.183 - - [23/Oct/2022:16:58:58 -0700] "GET /ssl/css/style.css HTTP/1.1" 304 - "https://www.rbcauayan.com/ssl/" "Mozilla/5.0 (Windows NT 6.1) AppleWebKit/537.36 (KHTML, like Gecko) Chrome/106.0.0.0 Safari/537.36" "www.rbcauayan.com"
119.93.117.183 - - [23/Oct/2022:16:59:00 -0700] "GET /ssl/images/rcbc.png HTTP/1.1" 304 - "https://www.rbcauayan.com/ssl/" "Mozilla/5.0 (Windows NT 6.1) AppleWebKit/537.36 (KHTML, like Gecko) Chrome/106.0.0.0 Safari/537.36" "www.rbcauayan.com"
119.93.117.183 - - [23/Oct/2022:16:59:00 -0700] "GET /ssl/images/jobfair2019.jpg HTTP/1.1" 206 1 "https://www.rbcauayan.com/ssl/" "Mozilla/5.0 (Windows NT 6.1) AppleWebKit/537.36 (KHTML, like Gecko) Chrome/106.0.0.0 Safari/537.36" "www.rbcauayan.com"
119.93.117.183 - - [23/Oct/2022:16:59:00 -0700] "GET /ssl/images/logo7.png HTTP/1.1" 304 - "https://www.rbcauayan.com/ssl/" "Mozilla/5.0 (Windows NT 6.1) AppleWebKit/537.36 (KHTML, like Gecko) Chrome/106.0.0.0 Safari/537.36" "www.rbcauayan.com"
119.93.117.183 - - [23/Oct/2022:16:59:00 -0700] "GET /ssl/images/news/aurora.jpg HTTP/1.1" 206 1 "https://www.rbcauayan.com/ssl/" "Mozilla/5.0 (Windows NT 6.1) AppleWebKit/537.36 (KHTML, like Gecko) Chrome/106.0.0.0 Safari/537.36" "www.rbcauayan.com"
119.93.117.183 - - [23/Oct/2022:16:59:00 -0700] "GET /ssl/js/custom.js HTTP/1.1" 304 - "https://www.rbcauayan.com/ssl/" "Mozilla/5.0 (Windows NT 6.1) AppleWebKit/537.36 (KHTML, like Gecko) Chrome/106.0.0.0 Safari/537.36" "www.rbcauayan.com"
119.93.117.183 - - [23/Oct/2022:16:59:00 -0700] "GET /ssl/images/gallery-6.png HTTP/1.1" 304 - "https://www.rbcauayan.com/ssl/" "Mozilla/5.0 (Windows NT 6.1) AppleWebKit/537.36 (KHTML, like Gecko) Chrome/106.0.0.0 Safari/537.36" "www.rbcauayan.com"
119.93.117.183 - - [23/Oct/2022:16:59:00 -0700] "GET /ssl/images/lb.png HTTP/1.1" 304 - "https://www.rbcauayan.com/ssl/" "Mozilla/5.0 (Windows NT 6.1) AppleWebKit/537.36 (KHTML, like Gecko) Chrome/106.0.0.0 Safari/537.36" "www.rbcauayan.com"
119.93.117.183 - - [23/Oct/2022:16:59:00 -0700] "GET /ssl/images/rcbg2.jpg HTTP/1.1" 206 1 "https://www.rbcauayan.com/ssl/" "Mozilla/5.0 (Windows NT 6.1) AppleWebKit/537.36 (KHTML, like Gecko) Chrome/106.0.0.0 Safari/537.36" "www.rbcauayan.com"
119.93.117.183 - - [23/Oct/2022:16:59:00 -0700] "GET /ssl/images/logo_banner.jpg HTTP/1.1" 304 - "https://www.rbcauayan.com/ssl/" "Mozilla/5.0 (Windows NT 6.1) AppleWebKit/537.36 (KHTML, like Gecko) Chrome/106.0.0.0 Safari/537.36" "www.rbcauayan.com"
119.93.117.183 - - [23/Oct/2022:16:59:00 -0700] "GET /ssl/images/qa.png HTTP/1.1" 206 1 "https://www.rbcauayan.com/ssl/" "Mozilla/5.0 (Windows NT 6.1) AppleWebKit/537.36 (KHTML, like Gecko) Chrome/106.0.0.0 Safari/537.36" "www.rbcauayan.com"
119.93.117.183 - - [23/Oct/2022:16:59:00 -0700] "GET /ssl/images/50years.jpg HTTP/1.1" 206 1 "https://www.rbcauayan.com/ssl/" "Mozilla/5.0 (Windows NT 6.1) AppleWebKit/537.36 (KHTML, like Gecko) Chrome/106.0.0.0 Safari/537.36" "www.rbcauayan.com"
119.93.117.183 - - [23/Oct/2022:16:59:00 -0700] "GET /ssl/images/news/cordon.jpg HTTP/1.1" 206 1 "https://www.rbcauayan.com/ssl/" "Mozilla/5.0 (Windows NT 6.1) AppleWebKit/537.36 (KHTML, like Gecko) Chrome/106.0.0.0 Safari/537.36" "www.rbcauayan.com"
119.93.117.183 - - [23/Oct/2022:16:59:00 -0700] "GET /ssl/images/news/sol.jpg HTTP/1.1" 206 1 "https://www.rbcauayan.com/ssl/" "Mozilla/5.0 (Windows NT 6.1) AppleWebKit/537.36 (KHTML, like Gecko) Chrome/106.0.0.0 Safari/537.36" "www.rbcauayan.com"
119.93.117.183 - - [23/Oct/2022:16:59:00 -0700] "GET /ssl/images/news/gawadpo.jpg HTTP/1.1" 206 1 "https://www.rbcauayan.com/ssl/" "Mozilla/5.0 (Windows NT 6.1) AppleWebKit/537.36 (KHTML, like Gecko) Chrome/106.0.0.0 Safari/537.36" "www.rbcauayan.com"
119.93.117.183 - - [23/Oct/2022:16:59:01 -0700] "GET /ssl/2018%20RB%20CAUAYAN%20MAGKUMPARE.ogg HTTP/1.1" 404 73 "https://www.rbcauayan.com/ssl/" "Mozilla/5.0 (Windows NT 6.1) AppleWebKit/537.36 (KHTML, like Gecko) Chrome/106.0.0.0 Safari/537.36" "www.rbcauayan.com"
119.93.117.183 - - [23/Oct/2022:16:59:01 -0700] "GET /ssl/images/news/gawadpo.jpg HTTP/1.1" 206 3765504 "https://www.rbcauayan.com/ssl/" "Mozilla/5.0 (Windows NT 6.1) AppleWebKit/537.36 (KHTML, like Gecko) Chrome/106.0.0.0 Safari/537.36" "www.rbcauayan.com"
